{"id":124293,"date":"2026-03-27T17:13:09","date_gmt":"2026-03-27T16:13:09","guid":{"rendered":"https:\/\/www.afg.asso.fr\/?post_type=publication&#038;p=124293"},"modified":"2026-03-27T17:13:13","modified_gmt":"2026-03-27T16:13:13","slug":"covivio-ag-le-16-avril-2026","status":"publish","type":"publication","link":"https:\/\/www.afg.asso.fr\/fr\/publication\/covivio-ag-le-16-avril-2026\/","title":{"rendered":"COVIVIO &#8211; Programme de veille 2026 de gouvernement d\u2019entreprise sur les soci\u00e9t\u00e9s du SBF 120 : assembl\u00e9e g\u00e9n\u00e9rale le 16 avril 2026"},"content":{"rendered":"","protected":false},"excerpt":{"rendered":"","protected":false},"featured_media":0,"template":"","typologies":[328],"thematics":[178],"top_contenu":[],"class_list":["post-124293","publication","type-publication","status-publish","hentry","typologies-alerte-ag-sbf-120","thematics-alertes_ag_sbf_120"],"acf":[],"_links":{"self":[{"href":"https:\/\/www.afg.asso.fr\/fr\/wp-json\/wp\/v2\/publication\/124293","targetHints":{"allow":["GET"]}}],"collection":[{"href":"https:\/\/www.afg.asso.fr\/fr\/wp-json\/wp\/v2\/publication"}],"about":[{"href":"https:\/\/www.afg.asso.fr\/fr\/wp-json\/wp\/v2\/types\/publication"}],"version-history":[{"count":0,"href":"https:\/\/www.afg.asso.fr\/fr\/wp-json\/wp\/v2\/publication\/124293\/revisions"}],"wp:attachment":[{"href":"https:\/\/www.afg.asso.fr\/fr\/wp-json\/wp\/v2\/media?parent=124293"}],"wp:term":[{"taxonomy":"typologies","embeddable":true,"href":"https:\/\/www.afg.asso.fr\/fr\/wp-json\/wp\/v2\/typologies?post=124293"},{"taxonomy":"thematics","embeddable":true,"href":"https:\/\/www.afg.asso.fr\/fr\/wp-json\/wp\/v2\/thematics?post=124293"},{"taxonomy":"top_contenu","embeddable":true,"href":"https:\/\/www.afg.asso.fr\/fr\/wp-json\/wp\/v2\/top_contenu?post=124293"}],"curies":[{"name":"wp","href":"https:\/\/api.w.org\/{rel}","templated":true}]}}

COVIVIO &#8211; Programme de veille 2026 de gouvernement d’entreprise sur les sociétés du SBF 120 : assemblée générale le 16 avril 2026
