{"id":123368,"date":"2026-01-29T16:02:23","date_gmt":"2026-01-29T15:02:23","guid":{"rendered":"https:\/\/www.afg.asso.fr\/?post_type=publication&#038;p=123368"},"modified":"2026-01-30T15:06:11","modified_gmt":"2026-01-30T14:06:11","slug":"derichebourg-ag-le-5-fevrier-2026","status":"publish","type":"publication","link":"https:\/\/www.afg.asso.fr\/fr\/publication\/derichebourg-ag-le-5-fevrier-2026\/","title":{"rendered":"DERICHEBOURG &#8211; Programme de veille 2026 de gouvernement d&rsquo;entreprise sur les soci\u00e9t\u00e9s du SBF 120 : assembl\u00e9e g\u00e9n\u00e9rale du 5 f\u00e9vrier 2026"},"content":{"rendered":"","protected":false},"excerpt":{"rendered":"","protected":false},"featured_media":0,"template":"","typologies":[328],"thematics":[178],"top_contenu":[568],"class_list":["post-123368","publication","type-publication","status-publish","hentry","typologies-alerte-ag-sbf-120","thematics-alertes_ag_sbf_120","top_contenu-top-contenu-commission-club"],"acf":[],"_links":{"self":[{"href":"https:\/\/www.afg.asso.fr\/fr\/wp-json\/wp\/v2\/publication\/123368","targetHints":{"allow":["GET"]}}],"collection":[{"href":"https:\/\/www.afg.asso.fr\/fr\/wp-json\/wp\/v2\/publication"}],"about":[{"href":"https:\/\/www.afg.asso.fr\/fr\/wp-json\/wp\/v2\/types\/publication"}],"version-history":[{"count":0,"href":"https:\/\/www.afg.asso.fr\/fr\/wp-json\/wp\/v2\/publication\/123368\/revisions"}],"wp:attachment":[{"href":"https:\/\/www.afg.asso.fr\/fr\/wp-json\/wp\/v2\/media?parent=123368"}],"wp:term":[{"taxonomy":"typologies","embeddable":true,"href":"https:\/\/www.afg.asso.fr\/fr\/wp-json\/wp\/v2\/typologies?post=123368"},{"taxonomy":"thematics","embeddable":true,"href":"https:\/\/www.afg.asso.fr\/fr\/wp-json\/wp\/v2\/thematics?post=123368"},{"taxonomy":"top_contenu","embeddable":true,"href":"https:\/\/www.afg.asso.fr\/fr\/wp-json\/wp\/v2\/top_contenu?post=123368"}],"curies":[{"name":"wp","href":"https:\/\/api.w.org\/{rel}","templated":true}]}}

DERICHEBOURG &#8211; Programme de veille 2026 de gouvernement d&rsquo;entreprise sur les sociétés du SBF 120 : assemblée générale du 5 février 2026
