{"id":123318,"date":"2026-01-28T11:15:00","date_gmt":"2026-01-28T10:15:00","guid":{"rendered":"https:\/\/www.afg.asso.fr\/?post_type=publication&#038;p=123318"},"modified":"2026-01-30T15:06:38","modified_gmt":"2026-01-30T14:06:38","slug":"puissance-epargne-europeenne-prosperite-collective-communique-de-presse","status":"publish","type":"publication","link":"https:\/\/www.afg.asso.fr\/fr\/publication\/puissance-epargne-europeenne-prosperite-collective-communique-de-presse\/","title":{"rendered":"Mettre la puissance de l&rsquo;\u00e9pargne europ\u00e9enne au service de notre prosp\u00e9rit\u00e9 collective \u2013 Communiqu\u00e9 de presse"},"content":{"rendered":"","protected":false},"excerpt":{"rendered":"","protected":false},"featured_media":116769,"template":"","typologies":[330],"thematics":[160,291],"top_contenu":[45],"class_list":["post-123318","publication","type-publication","status-publish","has-post-thumbnail","hentry","typologies-communique-de-presse","thematics-affaires_publiques_europeennes","thematics-priorites_europeennes_de_l_afg","top_contenu-top-contenu-home-page"],"acf":[],"_links":{"self":[{"href":"https:\/\/www.afg.asso.fr\/fr\/wp-json\/wp\/v2\/publication\/123318","targetHints":{"allow":["GET"]}}],"collection":[{"href":"https:\/\/www.afg.asso.fr\/fr\/wp-json\/wp\/v2\/publication"}],"about":[{"href":"https:\/\/www.afg.asso.fr\/fr\/wp-json\/wp\/v2\/types\/publication"}],"version-history":[{"count":0,"href":"https:\/\/www.afg.asso.fr\/fr\/wp-json\/wp\/v2\/publication\/123318\/revisions"}],"wp:featuredmedia":[{"embeddable":true,"href":"https:\/\/www.afg.asso.fr\/fr\/wp-json\/wp\/v2\/media\/116769"}],"wp:attachment":[{"href":"https:\/\/www.afg.asso.fr\/fr\/wp-json\/wp\/v2\/media?parent=123318"}],"wp:term":[{"taxonomy":"typologies","embeddable":true,"href":"https:\/\/www.afg.asso.fr\/fr\/wp-json\/wp\/v2\/typologies?post=123318"},{"taxonomy":"thematics","embeddable":true,"href":"https:\/\/www.afg.asso.fr\/fr\/wp-json\/wp\/v2\/thematics?post=123318"},{"taxonomy":"top_contenu","embeddable":true,"href":"https:\/\/www.afg.asso.fr\/fr\/wp-json\/wp\/v2\/top_contenu?post=123318"}],"curies":[{"name":"wp","href":"https:\/\/api.w.org\/{rel}","templated":true}]}}

Mettre la puissance de l&rsquo;épargne européenne au service de notre prospérité collective – Communiqué de presse
