{"id":120798,"date":"2025-09-10T15:11:57","date_gmt":"2025-09-10T13:11:57","guid":{"rendered":"https:\/\/www.afg.asso.fr\/?post_type=publication&#038;p=120798"},"modified":"2025-09-15T14:56:02","modified_gmt":"2025-09-15T12:56:02","slug":"simplification-des-obligations-de-facturation-electronique-courrier","status":"publish","type":"publication","link":"https:\/\/www.afg.asso.fr\/fr\/publication\/simplification-des-obligations-de-facturation-electronique-courrier\/","title":{"rendered":"Simplification des obligations de facturation \u00e9lectronique &#8211; Courrier adress\u00e9 au Medef\u00a0ainsi qu&rsquo;\u00e0 l&rsquo;AFNOR par la Ministre charg\u00e9e des Comptes Publics et la Ministre d\u00e9l\u00e9gu\u00e9e charg\u00e9e du Commerce, de l\u2019Artisanat et des PME"},"content":{"rendered":"","protected":false},"excerpt":{"rendered":"","protected":false},"featured_media":0,"template":"","typologies":[329],"thematics":[666,130,164],"top_contenu":[568,44,45],"class_list":["post-120798","publication","type-publication","status-publish","hentry","typologies-document-externe","thematics-e-reporting","thematics-fiscalite","thematics-tva","top_contenu-top-contenu-commission-club","top_contenu-top-contenu-espace-membre","top_contenu-top-contenu-home-page"],"acf":[],"_links":{"self":[{"href":"https:\/\/www.afg.asso.fr\/fr\/wp-json\/wp\/v2\/publication\/120798","targetHints":{"allow":["GET"]}}],"collection":[{"href":"https:\/\/www.afg.asso.fr\/fr\/wp-json\/wp\/v2\/publication"}],"about":[{"href":"https:\/\/www.afg.asso.fr\/fr\/wp-json\/wp\/v2\/types\/publication"}],"version-history":[{"count":0,"href":"https:\/\/www.afg.asso.fr\/fr\/wp-json\/wp\/v2\/publication\/120798\/revisions"}],"wp:attachment":[{"href":"https:\/\/www.afg.asso.fr\/fr\/wp-json\/wp\/v2\/media?parent=120798"}],"wp:term":[{"taxonomy":"typologies","embeddable":true,"href":"https:\/\/www.afg.asso.fr\/fr\/wp-json\/wp\/v2\/typologies?post=120798"},{"taxonomy":"thematics","embeddable":true,"href":"https:\/\/www.afg.asso.fr\/fr\/wp-json\/wp\/v2\/thematics?post=120798"},{"taxonomy":"top_contenu","embeddable":true,"href":"https:\/\/www.afg.asso.fr\/fr\/wp-json\/wp\/v2\/top_contenu?post=120798"}],"curies":[{"name":"wp","href":"https:\/\/api.w.org\/{rel}","templated":true}]}}

Simplification des obligations de facturation électronique &#8211; Courrier adressé au Medef ainsi qu&rsquo;à l&rsquo;AFNOR par la Ministre chargée des Comptes Publics et la Ministre déléguée chargée du Commerce, de l’Artisanat et des PME
