{"id":115611,"date":"2025-04-03T10:15:32","date_gmt":"2025-04-03T08:15:32","guid":{"rendered":"https:\/\/www.afg.asso.fr\/?post_type=publication&#038;p=115611"},"modified":"2025-04-03T11:09:36","modified_gmt":"2025-04-03T09:09:36","slug":"titrisation-reponse-de-lafg-a-la-consultation-de-la-commission-europeenne","status":"publish","type":"publication","link":"https:\/\/www.afg.asso.fr\/fr\/publication\/titrisation-reponse-de-lafg-a-la-consultation-de-la-commission-europeenne\/","title":{"rendered":"Titrisation : r\u00e9ponse de l&rsquo;AFG \u00e0 la consultation de la Commission europ\u00e9enne"},"content":{"rendered":"","protected":false},"excerpt":{"rendered":"","protected":false},"featured_media":115622,"template":"","typologies":[441,327,550],"thematics":[129],"top_contenu":[568,44,45],"class_list":["post-115611","publication","type-publication","status-publish","has-post-thumbnail","hentry","typologies-consultation","typologies-position-afg","typologies-reponse-afg","thematics-titrisation","top_contenu-top-contenu-commission-club","top_contenu-top-contenu-espace-membre","top_contenu-top-contenu-home-page"],"acf":[],"_links":{"self":[{"href":"https:\/\/www.afg.asso.fr\/fr\/wp-json\/wp\/v2\/publication\/115611","targetHints":{"allow":["GET"]}}],"collection":[{"href":"https:\/\/www.afg.asso.fr\/fr\/wp-json\/wp\/v2\/publication"}],"about":[{"href":"https:\/\/www.afg.asso.fr\/fr\/wp-json\/wp\/v2\/types\/publication"}],"version-history":[{"count":0,"href":"https:\/\/www.afg.asso.fr\/fr\/wp-json\/wp\/v2\/publication\/115611\/revisions"}],"wp:featuredmedia":[{"embeddable":true,"href":"https:\/\/www.afg.asso.fr\/fr\/wp-json\/wp\/v2\/media\/115622"}],"wp:attachment":[{"href":"https:\/\/www.afg.asso.fr\/fr\/wp-json\/wp\/v2\/media?parent=115611"}],"wp:term":[{"taxonomy":"typologies","embeddable":true,"href":"https:\/\/www.afg.asso.fr\/fr\/wp-json\/wp\/v2\/typologies?post=115611"},{"taxonomy":"thematics","embeddable":true,"href":"https:\/\/www.afg.asso.fr\/fr\/wp-json\/wp\/v2\/thematics?post=115611"},{"taxonomy":"top_contenu","embeddable":true,"href":"https:\/\/www.afg.asso.fr\/fr\/wp-json\/wp\/v2\/top_contenu?post=115611"}],"curies":[{"name":"wp","href":"https:\/\/api.w.org\/{rel}","templated":true}]}}

Titrisation : réponse de l&rsquo;AFG à la consultation de la Commission européenne
