{"id":107088,"date":"2022-05-05T14:22:02","date_gmt":"2022-05-05T14:22:02","guid":{"rendered":""},"modified":"2022-05-05T14:22:02","modified_gmt":"2022-05-05T14:22:02","slug":"reponse-afg-a-la-consultation-de-l-esma-sur-son-projet-de-lignes-directrices-sur-lintegration-des-preferences-de-durabilite-dans-les-tests-dadequation-mif-avril-2022","status":"publish","type":"publication","link":"https:\/\/www.afg.asso.fr\/fr\/publication\/reponse-afg-a-la-consultation-de-l-esma-sur-son-projet-de-lignes-directrices-sur-lintegration-des-preferences-de-durabilite-dans-les-tests-dadequation-mif-avril-2022\/","title":{"rendered":"R\u00e9ponse AFG \u00e0 la consultation de l\u2019ESMA sur son projet de lignes directrices sur l\u2019int\u00e9gration des pr\u00e9f\u00e9rences de durabilit\u00e9 dans les tests d\u2019ad\u00e9quation MIF &#8211; Avril 2022"},"content":{"rendered":"","protected":false},"excerpt":{"rendered":"","protected":false},"featured_media":29327,"template":"","typologies":[327],"thematics":[99],"top_contenu":[],"class_list":["post-107088","publication","type-publication","status-publish","has-post-thumbnail","hentry","typologies-position-afg","thematics-mif_ii"],"acf":[],"_links":{"self":[{"href":"https:\/\/www.afg.asso.fr\/fr\/wp-json\/wp\/v2\/publication\/107088","targetHints":{"allow":["GET"]}}],"collection":[{"href":"https:\/\/www.afg.asso.fr\/fr\/wp-json\/wp\/v2\/publication"}],"about":[{"href":"https:\/\/www.afg.asso.fr\/fr\/wp-json\/wp\/v2\/types\/publication"}],"version-history":[{"count":0,"href":"https:\/\/www.afg.asso.fr\/fr\/wp-json\/wp\/v2\/publication\/107088\/revisions"}],"wp:featuredmedia":[{"embeddable":true,"href":"https:\/\/www.afg.asso.fr\/fr\/wp-json\/wp\/v2\/media\/29327"}],"wp:attachment":[{"href":"https:\/\/www.afg.asso.fr\/fr\/wp-json\/wp\/v2\/media?parent=107088"}],"wp:term":[{"taxonomy":"typologies","embeddable":true,"href":"https:\/\/www.afg.asso.fr\/fr\/wp-json\/wp\/v2\/typologies?post=107088"},{"taxonomy":"thematics","embeddable":true,"href":"https:\/\/www.afg.asso.fr\/fr\/wp-json\/wp\/v2\/thematics?post=107088"},{"taxonomy":"top_contenu","embeddable":true,"href":"https:\/\/www.afg.asso.fr\/fr\/wp-json\/wp\/v2\/top_contenu?post=107088"}],"curies":[{"name":"wp","href":"https:\/\/api.w.org\/{rel}","templated":true}]}}

Réponse AFG à la consultation de l’ESMA sur son projet de lignes directrices sur l’intégration des préférences de durabilité dans les tests d’adéquation MIF &#8211; Avril 2022
