{"id":106953,"date":"2022-02-03T16:12:00","date_gmt":"2022-02-03T16:12:00","guid":{"rendered":""},"modified":"2025-07-22T15:30:17","modified_gmt":"2025-07-22T13:30:17","slug":"tableau-generique-de-presentation-des-frais-du-per-et-de-lassurance-vie","status":"publish","type":"publication","link":"https:\/\/www.afg.asso.fr\/fr\/publication\/tableau-generique-de-presentation-des-frais-du-per-et-de-lassurance-vie\/","title":{"rendered":"Tableau g\u00e9n\u00e9rique de pr\u00e9sentation des frais du PER et de l&#039;assurance vie"},"content":{"rendered":"","protected":false},"excerpt":{"rendered":"","protected":false},"featured_media":116771,"template":"","typologies":[418],"thematics":[112],"top_contenu":[],"class_list":["post-106953","publication","type-publication","status-publish","has-post-thumbnail","hentry","typologies-document_afg","thematics-epargne_retraite"],"acf":[],"_links":{"self":[{"href":"https:\/\/www.afg.asso.fr\/fr\/wp-json\/wp\/v2\/publication\/106953","targetHints":{"allow":["GET"]}}],"collection":[{"href":"https:\/\/www.afg.asso.fr\/fr\/wp-json\/wp\/v2\/publication"}],"about":[{"href":"https:\/\/www.afg.asso.fr\/fr\/wp-json\/wp\/v2\/types\/publication"}],"version-history":[{"count":0,"href":"https:\/\/www.afg.asso.fr\/fr\/wp-json\/wp\/v2\/publication\/106953\/revisions"}],"wp:featuredmedia":[{"embeddable":true,"href":"https:\/\/www.afg.asso.fr\/fr\/wp-json\/wp\/v2\/media\/116771"}],"wp:attachment":[{"href":"https:\/\/www.afg.asso.fr\/fr\/wp-json\/wp\/v2\/media?parent=106953"}],"wp:term":[{"taxonomy":"typologies","embeddable":true,"href":"https:\/\/www.afg.asso.fr\/fr\/wp-json\/wp\/v2\/typologies?post=106953"},{"taxonomy":"thematics","embeddable":true,"href":"https:\/\/www.afg.asso.fr\/fr\/wp-json\/wp\/v2\/thematics?post=106953"},{"taxonomy":"top_contenu","embeddable":true,"href":"https:\/\/www.afg.asso.fr\/fr\/wp-json\/wp\/v2\/top_contenu?post=106953"}],"curies":[{"name":"wp","href":"https:\/\/api.w.org\/{rel}","templated":true}]}}

Tableau générique de présentation des frais du PER et de l&#039;assurance vie
