{"id":106043,"date":"2020-10-14T08:05:30","date_gmt":"2020-10-14T08:05:30","guid":{"rendered":""},"modified":"2020-10-14T08:05:30","modified_gmt":"2020-10-14T08:05:30","slug":"actifs-depargne-salariale-geres-par-les-societes-de-gestion-adherentes-de-l-afg-au-30-juin-2020","status":"publish","type":"publication","link":"https:\/\/www.afg.asso.fr\/fr\/publication\/actifs-depargne-salariale-geres-par-les-societes-de-gestion-adherentes-de-l-afg-au-30-juin-2020\/","title":{"rendered":"Actifs d\u2019\u00e9pargne salariale g\u00e9r\u00e9s par les soci\u00e9t\u00e9s de gestion adh\u00e9rentes de l\u2019AFG au 30 juin 2020"},"content":{"rendered":"","protected":false},"excerpt":{"rendered":"","protected":false},"featured_media":0,"template":"","typologies":[25],"thematics":[161],"top_contenu":[],"class_list":["post-106043","publication","type-publication","status-publish","hentry","typologies-etudes_statistiques","thematics-etudes_economiques"],"acf":[],"_links":{"self":[{"href":"https:\/\/www.afg.asso.fr\/fr\/wp-json\/wp\/v2\/publication\/106043","targetHints":{"allow":["GET"]}}],"collection":[{"href":"https:\/\/www.afg.asso.fr\/fr\/wp-json\/wp\/v2\/publication"}],"about":[{"href":"https:\/\/www.afg.asso.fr\/fr\/wp-json\/wp\/v2\/types\/publication"}],"version-history":[{"count":0,"href":"https:\/\/www.afg.asso.fr\/fr\/wp-json\/wp\/v2\/publication\/106043\/revisions"}],"wp:attachment":[{"href":"https:\/\/www.afg.asso.fr\/fr\/wp-json\/wp\/v2\/media?parent=106043"}],"wp:term":[{"taxonomy":"typologies","embeddable":true,"href":"https:\/\/www.afg.asso.fr\/fr\/wp-json\/wp\/v2\/typologies?post=106043"},{"taxonomy":"thematics","embeddable":true,"href":"https:\/\/www.afg.asso.fr\/fr\/wp-json\/wp\/v2\/thematics?post=106043"},{"taxonomy":"top_contenu","embeddable":true,"href":"https:\/\/www.afg.asso.fr\/fr\/wp-json\/wp\/v2\/top_contenu?post=106043"}],"curies":[{"name":"wp","href":"https:\/\/api.w.org\/{rel}","templated":true}]}}

Actifs d’épargne salariale gérés par les sociétés de gestion adhérentes de l’AFG au 30 juin 2020
