{"id":105773,"date":"2020-03-27T13:03:42","date_gmt":"2020-03-27T13:03:42","guid":{"rendered":""},"modified":"2020-03-27T13:03:42","modified_gmt":"2020-03-27T13:03:42","slug":"programme-de-veille-2020-de-gouvernement-dentreprise-sur-les-societes-du-sbf-120-assemblee-generale-de-vallourec-le-6-avril-2020","status":"publish","type":"publication","link":"https:\/\/www.afg.asso.fr\/fr\/publication\/programme-de-veille-2020-de-gouvernement-dentreprise-sur-les-societes-du-sbf-120-assemblee-generale-de-vallourec-le-6-avril-2020\/","title":{"rendered":"Programme de veille 2020 de gouvernement d\u2019entreprise sur les soci\u00e9t\u00e9s du SBF 120 : assembl\u00e9e g\u00e9n\u00e9rale de VALLOUREC le 6 avril 2020"},"content":{"rendered":"","protected":false},"excerpt":{"rendered":"","protected":false},"featured_media":0,"template":"","typologies":[328],"thematics":[178],"top_contenu":[],"class_list":["post-105773","publication","type-publication","status-publish","hentry","typologies-alerte-ag-sbf-120","thematics-alertes_ag_sbf_120"],"acf":[],"_links":{"self":[{"href":"https:\/\/www.afg.asso.fr\/fr\/wp-json\/wp\/v2\/publication\/105773","targetHints":{"allow":["GET"]}}],"collection":[{"href":"https:\/\/www.afg.asso.fr\/fr\/wp-json\/wp\/v2\/publication"}],"about":[{"href":"https:\/\/www.afg.asso.fr\/fr\/wp-json\/wp\/v2\/types\/publication"}],"version-history":[{"count":0,"href":"https:\/\/www.afg.asso.fr\/fr\/wp-json\/wp\/v2\/publication\/105773\/revisions"}],"wp:attachment":[{"href":"https:\/\/www.afg.asso.fr\/fr\/wp-json\/wp\/v2\/media?parent=105773"}],"wp:term":[{"taxonomy":"typologies","embeddable":true,"href":"https:\/\/www.afg.asso.fr\/fr\/wp-json\/wp\/v2\/typologies?post=105773"},{"taxonomy":"thematics","embeddable":true,"href":"https:\/\/www.afg.asso.fr\/fr\/wp-json\/wp\/v2\/thematics?post=105773"},{"taxonomy":"top_contenu","embeddable":true,"href":"https:\/\/www.afg.asso.fr\/fr\/wp-json\/wp\/v2\/top_contenu?post=105773"}],"curies":[{"name":"wp","href":"https:\/\/api.w.org\/{rel}","templated":true}]}}

Programme de veille 2020 de gouvernement d’entreprise sur les sociétés du SBF 120 : assemblée générale de VALLOUREC le 6 avril 2020
