{"id":105767,"date":"2020-03-23T10:33:53","date_gmt":"2020-03-23T10:33:53","guid":{"rendered":""},"modified":"2020-03-23T10:33:53","modified_gmt":"2020-03-23T10:33:53","slug":"communique-de-presse-des-associations-et-federations-representatives-des-bailleurs-relatif-a-la-mesure-de-suspension-des-loyers-au-benefice-des-tpe-et-des-pme","status":"publish","type":"publication","link":"https:\/\/www.afg.asso.fr\/fr\/publication\/communique-de-presse-des-associations-et-federations-representatives-des-bailleurs-relatif-a-la-mesure-de-suspension-des-loyers-au-benefice-des-tpe-et-des-pme\/","title":{"rendered":"Communiqu\u00e9 de presse des associations et f\u00e9d\u00e9rations repr\u00e9sentatives des bailleurs  relatif \u00e0 la mesure de suspension des loyers au b\u00e9n\u00e9fice des TPE et des PME"},"content":{"rendered":"","protected":false},"excerpt":{"rendered":"","protected":false},"featured_media":0,"template":"","typologies":[330],"thematics":[169],"top_contenu":[],"class_list":["post-105767","publication","type-publication","status-publish","hentry","typologies-communique-de-presse","thematics-covid_19"],"acf":[],"_links":{"self":[{"href":"https:\/\/www.afg.asso.fr\/fr\/wp-json\/wp\/v2\/publication\/105767","targetHints":{"allow":["GET"]}}],"collection":[{"href":"https:\/\/www.afg.asso.fr\/fr\/wp-json\/wp\/v2\/publication"}],"about":[{"href":"https:\/\/www.afg.asso.fr\/fr\/wp-json\/wp\/v2\/types\/publication"}],"version-history":[{"count":0,"href":"https:\/\/www.afg.asso.fr\/fr\/wp-json\/wp\/v2\/publication\/105767\/revisions"}],"wp:attachment":[{"href":"https:\/\/www.afg.asso.fr\/fr\/wp-json\/wp\/v2\/media?parent=105767"}],"wp:term":[{"taxonomy":"typologies","embeddable":true,"href":"https:\/\/www.afg.asso.fr\/fr\/wp-json\/wp\/v2\/typologies?post=105767"},{"taxonomy":"thematics","embeddable":true,"href":"https:\/\/www.afg.asso.fr\/fr\/wp-json\/wp\/v2\/thematics?post=105767"},{"taxonomy":"top_contenu","embeddable":true,"href":"https:\/\/www.afg.asso.fr\/fr\/wp-json\/wp\/v2\/top_contenu?post=105767"}],"curies":[{"name":"wp","href":"https:\/\/api.w.org\/{rel}","templated":true}]}}

Communiqué de presse des associations et fédérations représentatives des bailleurs  relatif à la mesure de suspension des loyers au bénéfice des TPE et des PME
