{"id":105384,"date":"2019-03-14T13:52:09","date_gmt":"2019-03-14T13:52:09","guid":{"rendered":""},"modified":"2019-03-14T13:52:09","modified_gmt":"2019-03-14T13:52:09","slug":"presentation-de-levenement-dedie-a-la-finance-durable-et-responsable-a-la-residence-de-l-ambassadeur-de-france-a-madrid-le-12-mars-2019","status":"publish","type":"publication","link":"https:\/\/www.afg.asso.fr\/fr\/publication\/presentation-de-levenement-dedie-a-la-finance-durable-et-responsable-a-la-residence-de-l-ambassadeur-de-france-a-madrid-le-12-mars-2019\/","title":{"rendered":"Pr\u00e9sentation de l&#039;\u00e9v\u00e9nement d\u00e9di\u00e9 \u00e0 la finance durable et responsable \u00e0 la r\u00e9sidence de l\u2019Ambassadeur de France \u00e0 Madrid, le 12 mars 2019"},"content":{"rendered":"","protected":false},"excerpt":{"rendered":"","protected":false},"featured_media":0,"template":"","typologies":[418],"thematics":[41],"top_contenu":[],"class_list":["post-105384","publication","type-publication","status-publish","hentry","typologies-document_afg","thematics-finance-durable"],"acf":[],"_links":{"self":[{"href":"https:\/\/www.afg.asso.fr\/fr\/wp-json\/wp\/v2\/publication\/105384","targetHints":{"allow":["GET"]}}],"collection":[{"href":"https:\/\/www.afg.asso.fr\/fr\/wp-json\/wp\/v2\/publication"}],"about":[{"href":"https:\/\/www.afg.asso.fr\/fr\/wp-json\/wp\/v2\/types\/publication"}],"version-history":[{"count":0,"href":"https:\/\/www.afg.asso.fr\/fr\/wp-json\/wp\/v2\/publication\/105384\/revisions"}],"wp:attachment":[{"href":"https:\/\/www.afg.asso.fr\/fr\/wp-json\/wp\/v2\/media?parent=105384"}],"wp:term":[{"taxonomy":"typologies","embeddable":true,"href":"https:\/\/www.afg.asso.fr\/fr\/wp-json\/wp\/v2\/typologies?post=105384"},{"taxonomy":"thematics","embeddable":true,"href":"https:\/\/www.afg.asso.fr\/fr\/wp-json\/wp\/v2\/thematics?post=105384"},{"taxonomy":"top_contenu","embeddable":true,"href":"https:\/\/www.afg.asso.fr\/fr\/wp-json\/wp\/v2\/top_contenu?post=105384"}],"curies":[{"name":"wp","href":"https:\/\/api.w.org\/{rel}","templated":true}]}}

Présentation de l&#039;événement dédié à la finance durable et responsable à la résidence de l’Ambassadeur de France à Madrid, le 12 mars 2019
