{"id":105104,"date":"2018-02-13T13:44:17","date_gmt":"2018-02-13T13:44:17","guid":{"rendered":""},"modified":"2018-02-13T13:44:17","modified_gmt":"2018-02-13T13:44:17","slug":"emir-proposition-de-l-afg-de-mutualiser-les-examens-juridiques-independants-lies-aux-operations-sur-derives-non-compenses-en-chambre-de-compensation","status":"publish","type":"publication","link":"https:\/\/www.afg.asso.fr\/fr\/publication\/emir-proposition-de-l-afg-de-mutualiser-les-examens-juridiques-independants-lies-aux-operations-sur-derives-non-compenses-en-chambre-de-compensation\/","title":{"rendered":"EMIR : proposition de l\u2019AFG de mutualiser les examens juridiques ind\u00e9pendants li\u00e9s aux op\u00e9rations sur d\u00e9riv\u00e9s non compens\u00e9s en chambre de compensation"},"content":{"rendered":"","protected":false},"excerpt":{"rendered":"","protected":false},"featured_media":0,"template":"","typologies":[327],"thematics":[221],"top_contenu":[],"class_list":["post-105104","publication","type-publication","status-publish","hentry","typologies-position-afg","thematics-emir"],"acf":[],"_links":{"self":[{"href":"https:\/\/www.afg.asso.fr\/fr\/wp-json\/wp\/v2\/publication\/105104","targetHints":{"allow":["GET"]}}],"collection":[{"href":"https:\/\/www.afg.asso.fr\/fr\/wp-json\/wp\/v2\/publication"}],"about":[{"href":"https:\/\/www.afg.asso.fr\/fr\/wp-json\/wp\/v2\/types\/publication"}],"version-history":[{"count":0,"href":"https:\/\/www.afg.asso.fr\/fr\/wp-json\/wp\/v2\/publication\/105104\/revisions"}],"wp:attachment":[{"href":"https:\/\/www.afg.asso.fr\/fr\/wp-json\/wp\/v2\/media?parent=105104"}],"wp:term":[{"taxonomy":"typologies","embeddable":true,"href":"https:\/\/www.afg.asso.fr\/fr\/wp-json\/wp\/v2\/typologies?post=105104"},{"taxonomy":"thematics","embeddable":true,"href":"https:\/\/www.afg.asso.fr\/fr\/wp-json\/wp\/v2\/thematics?post=105104"},{"taxonomy":"top_contenu","embeddable":true,"href":"https:\/\/www.afg.asso.fr\/fr\/wp-json\/wp\/v2\/top_contenu?post=105104"}],"curies":[{"name":"wp","href":"https:\/\/api.w.org\/{rel}","templated":true}]}}

EMIR : proposition de l’AFG de mutualiser les examens juridiques indépendants liés aux opérations sur dérivés non compensés en chambre de compensation
