{"id":104855,"date":"2014-06-12T11:01:08","date_gmt":"2014-06-12T11:01:08","guid":{"rendered":""},"modified":"2014-06-12T11:01:08","modified_gmt":"2014-06-12T11:01:08","slug":"recto-verso-lepargne-salariale-une-epargne-sociale-et-collective-encouragee-par-l-afg","status":"publish","type":"publication","link":"https:\/\/www.afg.asso.fr\/fr\/publication\/recto-verso-lepargne-salariale-une-epargne-sociale-et-collective-encouragee-par-l-afg\/","title":{"rendered":"Recto-verso : l&#039;\u00e9pargne salariale : une \u00e9pargne sociale et collective encourag\u00e9e par l&#039;AFG"},"content":{"rendered":"","protected":false},"excerpt":{"rendered":"","protected":false},"featured_media":0,"template":"","typologies":[418],"thematics":[],"top_contenu":[],"class_list":["post-104855","publication","type-publication","status-publish","hentry","typologies-document_afg"],"acf":[],"_links":{"self":[{"href":"https:\/\/www.afg.asso.fr\/fr\/wp-json\/wp\/v2\/publication\/104855","targetHints":{"allow":["GET"]}}],"collection":[{"href":"https:\/\/www.afg.asso.fr\/fr\/wp-json\/wp\/v2\/publication"}],"about":[{"href":"https:\/\/www.afg.asso.fr\/fr\/wp-json\/wp\/v2\/types\/publication"}],"version-history":[{"count":0,"href":"https:\/\/www.afg.asso.fr\/fr\/wp-json\/wp\/v2\/publication\/104855\/revisions"}],"wp:attachment":[{"href":"https:\/\/www.afg.asso.fr\/fr\/wp-json\/wp\/v2\/media?parent=104855"}],"wp:term":[{"taxonomy":"typologies","embeddable":true,"href":"https:\/\/www.afg.asso.fr\/fr\/wp-json\/wp\/v2\/typologies?post=104855"},{"taxonomy":"thematics","embeddable":true,"href":"https:\/\/www.afg.asso.fr\/fr\/wp-json\/wp\/v2\/thematics?post=104855"},{"taxonomy":"top_contenu","embeddable":true,"href":"https:\/\/www.afg.asso.fr\/fr\/wp-json\/wp\/v2\/top_contenu?post=104855"}],"curies":[{"name":"wp","href":"https:\/\/api.w.org\/{rel}","templated":true}]}}

Recto-verso : l&#039;épargne salariale : une épargne sociale et collective encouragée par l&#039;AFG
