{"id":103899,"date":"2015-06-22T10:37:13","date_gmt":"2015-06-22T10:37:13","guid":{"rendered":""},"modified":"2015-06-22T10:37:13","modified_gmt":"2015-06-22T10:37:13","slug":"reponse-de-afg-a-la-consultation-de-l-autorite-bancaire-europeenne-abe-european-banking-authority-eba-sur-ses-lignes-directrices-concernant-les-limites-dexposition-des-banques-au-systeme-bancaire-para","status":"publish","type":"publication","link":"https:\/\/www.afg.asso.fr\/fr\/publication\/reponse-de-afg-a-la-consultation-de-l-autorite-bancaire-europeenne-abe-european-banking-authority-eba-sur-ses-lignes-directrices-concernant-les-limites-dexposition-des-banques-au-systeme-bancaire-para\/","title":{"rendered":"R\u00e9ponse de AFG \u00e0 la consultation de l&#039;Autorit\u00e9 bancaire europ\u00e9enne (ABE) &#8211; European Banking Authority (EBA) sur ses &quot;lignes directrices concernant les limites d&#039;exposition des banques au syst\u00e8me bancaire parall\u00e8le&quot; &#8211; 19 juin 2015"},"content":{"rendered":"","protected":false},"excerpt":{"rendered":"","protected":false},"featured_media":0,"template":"","typologies":[327],"thematics":[],"top_contenu":[],"class_list":["post-103899","publication","type-publication","status-publish","hentry","typologies-position-afg"],"acf":[],"_links":{"self":[{"href":"https:\/\/www.afg.asso.fr\/fr\/wp-json\/wp\/v2\/publication\/103899","targetHints":{"allow":["GET"]}}],"collection":[{"href":"https:\/\/www.afg.asso.fr\/fr\/wp-json\/wp\/v2\/publication"}],"about":[{"href":"https:\/\/www.afg.asso.fr\/fr\/wp-json\/wp\/v2\/types\/publication"}],"version-history":[{"count":0,"href":"https:\/\/www.afg.asso.fr\/fr\/wp-json\/wp\/v2\/publication\/103899\/revisions"}],"wp:attachment":[{"href":"https:\/\/www.afg.asso.fr\/fr\/wp-json\/wp\/v2\/media?parent=103899"}],"wp:term":[{"taxonomy":"typologies","embeddable":true,"href":"https:\/\/www.afg.asso.fr\/fr\/wp-json\/wp\/v2\/typologies?post=103899"},{"taxonomy":"thematics","embeddable":true,"href":"https:\/\/www.afg.asso.fr\/fr\/wp-json\/wp\/v2\/thematics?post=103899"},{"taxonomy":"top_contenu","embeddable":true,"href":"https:\/\/www.afg.asso.fr\/fr\/wp-json\/wp\/v2\/top_contenu?post=103899"}],"curies":[{"name":"wp","href":"https:\/\/api.w.org\/{rel}","templated":true}]}}

Réponse de AFG à la consultation de l&#039;Autorité bancaire européenne (ABE) &#8211; European Banking Authority (EBA) sur ses &quot;lignes directrices concernant les limites d&#039;exposition des banques au système bancaire parallèle&quot; &#8211; 19 juin 2015
