{"id":103673,"date":"2014-07-11T00:00:00","date_gmt":"2014-07-11T00:00:00","guid":{"rendered":""},"modified":"2014-07-11T00:00:00","modified_gmt":"2014-07-11T00:00:00","slug":"reponse-de-l-afg-a-la-consultation-du-comite-mixte-des-autorites-europeennes-de-surveillance-concernant-les-techniques-de-reduction-du-risque-pour-les-derives-non-compensees-par-une-chambre-centrale-d","status":"publish","type":"publication","link":"https:\/\/www.afg.asso.fr\/fr\/publication\/reponse-de-l-afg-a-la-consultation-du-comite-mixte-des-autorites-europeennes-de-surveillance-concernant-les-techniques-de-reduction-du-risque-pour-les-derives-non-compensees-par-une-chambre-centrale-d\/","title":{"rendered":"R\u00e9ponse de l&#039;AFG \u00e0 la consultation du Comit\u00e9 mixte des autorit\u00e9s europ\u00e9ennes de surveillance concernant les techniques de r\u00e9duction du risque pour les d\u00e9riv\u00e9s non compens\u00e9es par une chambre centrale de compensation &#8211; 11 juillet  2014"},"content":{"rendered":"","protected":false},"excerpt":{"rendered":"","protected":false},"featured_media":0,"template":"","typologies":[327],"thematics":[],"top_contenu":[],"class_list":["post-103673","publication","type-publication","status-publish","hentry","typologies-position-afg"],"acf":[],"_links":{"self":[{"href":"https:\/\/www.afg.asso.fr\/fr\/wp-json\/wp\/v2\/publication\/103673","targetHints":{"allow":["GET"]}}],"collection":[{"href":"https:\/\/www.afg.asso.fr\/fr\/wp-json\/wp\/v2\/publication"}],"about":[{"href":"https:\/\/www.afg.asso.fr\/fr\/wp-json\/wp\/v2\/types\/publication"}],"version-history":[{"count":0,"href":"https:\/\/www.afg.asso.fr\/fr\/wp-json\/wp\/v2\/publication\/103673\/revisions"}],"wp:attachment":[{"href":"https:\/\/www.afg.asso.fr\/fr\/wp-json\/wp\/v2\/media?parent=103673"}],"wp:term":[{"taxonomy":"typologies","embeddable":true,"href":"https:\/\/www.afg.asso.fr\/fr\/wp-json\/wp\/v2\/typologies?post=103673"},{"taxonomy":"thematics","embeddable":true,"href":"https:\/\/www.afg.asso.fr\/fr\/wp-json\/wp\/v2\/thematics?post=103673"},{"taxonomy":"top_contenu","embeddable":true,"href":"https:\/\/www.afg.asso.fr\/fr\/wp-json\/wp\/v2\/top_contenu?post=103673"}],"curies":[{"name":"wp","href":"https:\/\/api.w.org\/{rel}","templated":true}]}}

Réponse de l&#039;AFG à la consultation du Comité mixte des autorités européennes de surveillance concernant les techniques de réduction du risque pour les dérivés non compensées par une chambre centrale de compensation &#8211; 11 juillet  2014
