{"id":103475,"date":"2013-08-13T17:00:01","date_gmt":"2013-08-13T17:00:01","guid":{"rendered":""},"modified":"2013-08-13T17:00:01","modified_gmt":"2013-08-13T17:00:01","slug":"reponse-de-l-afg-a-nicole-bricq-ministre-du-commerce-exterieur-a-une-consultation-sur-volet-reglementaire-du-partenariat-transatlantique","status":"publish","type":"publication","link":"https:\/\/www.afg.asso.fr\/fr\/publication\/reponse-de-l-afg-a-nicole-bricq-ministre-du-commerce-exterieur-a-une-consultation-sur-volet-reglementaire-du-partenariat-transatlantique\/","title":{"rendered":"R\u00e9ponse de l&#039;AFG \u00e0 Nicole BRICQ, ministre du commerce ext\u00e9rieur, \u00e0 une consultation sur volet r\u00e8glementaire du Partenariat transatlantique"},"content":{"rendered":"","protected":false},"excerpt":{"rendered":"","protected":false},"featured_media":0,"template":"","typologies":[327],"thematics":[],"top_contenu":[],"class_list":["post-103475","publication","type-publication","status-publish","hentry","typologies-position-afg"],"acf":[],"_links":{"self":[{"href":"https:\/\/www.afg.asso.fr\/fr\/wp-json\/wp\/v2\/publication\/103475","targetHints":{"allow":["GET"]}}],"collection":[{"href":"https:\/\/www.afg.asso.fr\/fr\/wp-json\/wp\/v2\/publication"}],"about":[{"href":"https:\/\/www.afg.asso.fr\/fr\/wp-json\/wp\/v2\/types\/publication"}],"version-history":[{"count":0,"href":"https:\/\/www.afg.asso.fr\/fr\/wp-json\/wp\/v2\/publication\/103475\/revisions"}],"wp:attachment":[{"href":"https:\/\/www.afg.asso.fr\/fr\/wp-json\/wp\/v2\/media?parent=103475"}],"wp:term":[{"taxonomy":"typologies","embeddable":true,"href":"https:\/\/www.afg.asso.fr\/fr\/wp-json\/wp\/v2\/typologies?post=103475"},{"taxonomy":"thematics","embeddable":true,"href":"https:\/\/www.afg.asso.fr\/fr\/wp-json\/wp\/v2\/thematics?post=103475"},{"taxonomy":"top_contenu","embeddable":true,"href":"https:\/\/www.afg.asso.fr\/fr\/wp-json\/wp\/v2\/top_contenu?post=103475"}],"curies":[{"name":"wp","href":"https:\/\/api.w.org\/{rel}","templated":true}]}}

Réponse de l&#039;AFG à Nicole BRICQ, ministre du commerce extérieur, à une consultation sur volet règlementaire du Partenariat transatlantique
