{"id":103389,"date":"2013-04-25T11:19:13","date_gmt":"2013-04-25T11:19:13","guid":{"rendered":""},"modified":"2013-04-25T11:19:13","modified_gmt":"2013-04-25T11:19:13","slug":"limpact-d-emir-pour-les-derives-compenses-limpact-d-emir-pour-les-derives-de-gre-a-gre-les-obligations-declaratives-liees-a-emir-presentation-de-l-amf-au-point-sur-emir-du-24-avril-2013","status":"publish","type":"publication","link":"https:\/\/www.afg.asso.fr\/fr\/publication\/limpact-d-emir-pour-les-derives-compenses-limpact-d-emir-pour-les-derives-de-gre-a-gre-les-obligations-declaratives-liees-a-emir-presentation-de-l-amf-au-point-sur-emir-du-24-avril-2013\/","title":{"rendered":"L\u2019impact d\u2019EMIR pour les d\u00e9riv\u00e9s compens\u00e9s &#8211; L\u2019impact d\u2019EMIR pour les d\u00e9riv\u00e9s de gr\u00e9 \u00e0 gr\u00e9 &#8211; Les obligations d\u00e9claratives li\u00e9es \u00e0 EMIR &#8211;  Pr\u00e9sentation de l&#039;AMF au POINT SUR EMIR du 24 avril 2013"},"content":{"rendered":"","protected":false},"excerpt":{"rendered":"","protected":false},"featured_media":0,"template":"","typologies":[418],"thematics":[221],"top_contenu":[],"class_list":["post-103389","publication","type-publication","status-publish","hentry","typologies-document_afg","thematics-emir"],"acf":[],"_links":{"self":[{"href":"https:\/\/www.afg.asso.fr\/fr\/wp-json\/wp\/v2\/publication\/103389","targetHints":{"allow":["GET"]}}],"collection":[{"href":"https:\/\/www.afg.asso.fr\/fr\/wp-json\/wp\/v2\/publication"}],"about":[{"href":"https:\/\/www.afg.asso.fr\/fr\/wp-json\/wp\/v2\/types\/publication"}],"version-history":[{"count":0,"href":"https:\/\/www.afg.asso.fr\/fr\/wp-json\/wp\/v2\/publication\/103389\/revisions"}],"wp:attachment":[{"href":"https:\/\/www.afg.asso.fr\/fr\/wp-json\/wp\/v2\/media?parent=103389"}],"wp:term":[{"taxonomy":"typologies","embeddable":true,"href":"https:\/\/www.afg.asso.fr\/fr\/wp-json\/wp\/v2\/typologies?post=103389"},{"taxonomy":"thematics","embeddable":true,"href":"https:\/\/www.afg.asso.fr\/fr\/wp-json\/wp\/v2\/thematics?post=103389"},{"taxonomy":"top_contenu","embeddable":true,"href":"https:\/\/www.afg.asso.fr\/fr\/wp-json\/wp\/v2\/top_contenu?post=103389"}],"curies":[{"name":"wp","href":"https:\/\/api.w.org\/{rel}","templated":true}]}}

L’impact d’EMIR pour les dérivés compensés &#8211; L’impact d’EMIR pour les dérivés de gré à gré &#8211; Les obligations déclaratives liées à EMIR &#8211;  Présentation de l&#039;AMF au POINT SUR EMIR du 24 avril 2013
