{"id":43857,"date":"2024-11-08T10:31:01","date_gmt":"2024-11-08T09:31:01","guid":{"rendered":"https:\/\/www.afg.asso.fr\/?page_id=43857"},"modified":"2026-04-09T16:36:51","modified_gmt":"2026-04-09T14:36:51","slug":"mentions-legales","status":"publish","type":"page","link":"https:\/\/www.afg.asso.fr\/fr\/mentions-legales\/","title":{"rendered":"Mentions l\u00e9gales"},"content":{"rendered":"\n<p><\/p>\n\n\n\n<h3 class=\"wp-block-heading\" id=\"avertissement\">Avertissement<\/h3>\n\n\n\n<div style=\"height:50px\" aria-hidden=\"true\" class=\"wp-block-spacer\"><\/div>\n\n\n\n<p>1\/ L\u2019AFG apporte ses meilleurs soins pour assurer l\u2019exactitude des informations et donn\u00e9es disponibles sur son site web et permettre leur actualisation dans les meilleurs d\u00e9lais. Pour autant, l\u2019AFG ne saurait \u00eatre tenue pour responsable de toute erreur, omission, alt\u00e9ration ou d\u00e9lais de mise \u00e0 jour desdites informations et donn\u00e9es. Les utilisateurs du site sont en cons\u00e9quence invit\u00e9s \u00e0 ne prendre aucune d\u00e9cision sur la base de ces informations et donn\u00e9es avant de les avoir v\u00e9rifi\u00e9es. Tout utilisateur reconna\u00eet utiliser les donn\u00e9es et informations qui lui sont propos\u00e9es \u00e0 ses seuls risques et p\u00e9rils.<\/p>\n\n\n\n<p>2\/ Aucune information apparaissant sur le site ne saurait \u00eatre consid\u00e9r\u00e9e comme un conseil, une offre de services ou de produits, notamment de services financiers, \u00e9manant de l\u2019AFG ou de l\u2019une des quelconques personnes r\u00e9pertori\u00e9es sur le site, ni comme une offre ou la sollicitation d\u2019une offre d\u2019achat ou de vente de produits d\u2019investissement..<\/p>\n\n\n\n<p>3\/ Toute reproduction, copie, duplication, transfert, cr\u00e9ation de liens hypertexte, sous quelque forme que ce soit concernant tout ou partie des informations figurant sur le site est soumis \u00e0 l\u2019accord pr\u00e9alable de l\u2019AFG.<\/p>\n\n\n\n<h3 class=\"wp-block-heading\" id=\"responsable-de-la-publication\">Responsable de la publication <\/h3>\n\n\n\n<div style=\"height:50px\" aria-hidden=\"true\" class=\"wp-block-spacer\"><\/div>\n\n\n\n<p>Delphine de Chaisemartin, Directrice g\u00e9n\u00e9rale d\u00e9l\u00e9gu\u00e9e<\/p>\n\n\n\n<h3 class=\"wp-block-heading\" id=\"hebergement-et-realisation-du-site-internet\">H\u00e9bergement et r\u00e9alisation du site internet <\/h3>\n\n\n\n<div style=\"height:50px\" aria-hidden=\"true\" class=\"wp-block-spacer\"><\/div>\n\n\n\n<p><a href=\"https:\/\/www.vigicorp.fr\" data-type=\"link\" data-id=\"https:\/\/www.vigicorp.fr\">Vigicorp<\/a> &#8211; Si\u00e8ge social : 49 Quai Emile Cormerais &#8211; 44800 Saint-Herblain <\/p>\n\n\n\n<h3 class=\"wp-block-heading\" id=\"creation-graphique-et-realisations-videos\">Cr\u00e9ation graphique et r\u00e9alisations vid\u00e9os <\/h3>\n\n\n\n<div style=\"height:50px\" aria-hidden=\"true\" class=\"wp-block-spacer\"><\/div>\n\n\n\n<p>Havas &#8211;  29-30 Quai de Dion Bouton &#8211; 92800 Puteaux <a href=\"https:\/\/www.havas.fr\/ \">www.havas.fr\/<\/a><\/p>\n\n\n\n<p>Peech Studio (motion design) &#8211; 72 rue St Charles &#8211; 75015 Paris <a href=\"http:\/\/peechstudio.com\" data-type=\"link\" data-id=\"peechstudio.com\">peechstudio.com<\/a><\/p>\n\n\n\n<p>Altour production (vid\u00e9os Konbini) &#8211; 18 Rue De Varize &#8211; 75016 Paris <a href=\"http:\/\/altourproduction.com\" data-type=\"link\" data-id=\"altourproduction.com\">altourproduction.com<\/a><\/p>\n\n\n\n<h3 class=\"wp-block-heading\" id=\"credit-photos\">Cr\u00e9dit photos<\/h3>\n\n\n\n<div style=\"height:50px\" aria-hidden=\"true\" class=\"wp-block-spacer\"><\/div>\n\n\n\n<p>Freepik <a href=\"https:\/\/www.freepik.com\/\">www.freepik.com\/<\/a><\/p>\n\n\n\n<h3 class=\"wp-block-heading\" id=\"renseignements-a-caractere-general\">Renseignements \u00e0 caract\u00e8re g\u00e9n\u00e9ral<\/h3>\n\n\n\n<div style=\"height:50px\" aria-hidden=\"true\" class=\"wp-block-spacer\"><\/div>\n\n\n\n<p>D\u00e9nomination : AFG<\/p>\n\n\n\n<p>Adresse : 17 square Edouard VII 75009 PARIS<\/p>\n\n\n\n<p>T\u00e9l\u00e9phone : 01 44 94 94 00<\/p>\n\n\n\n<p>Forme : Association<\/p>\n\n\n\n<p>L\u00e9gislation : Fran\u00e7aise<\/p>\n\n\n\n<div style=\"height:50px\" aria-hidden=\"true\" class=\"wp-block-spacer\"><\/div>\n","protected":false},"excerpt":{"rendered":"<p>Avertissement 1\/ L\u2019AFG apporte ses meilleurs soins pour assurer l\u2019exactitude des informations et donn\u00e9es disponibles sur son site web et&hellip;<\/p>\n","protected":false},"author":6,"featured_media":0,"parent":0,"menu_order":0,"comment_status":"closed","ping_status":"closed","template":"","meta":{"_acf_changed":false,"_gspb_post_css":"","footnotes":""},"class_list":["post-43857","page","type-page","status-publish","hentry"],"acf":[],"_links":{"self":[{"href":"https:\/\/www.afg.asso.fr\/fr\/wp-json\/wp\/v2\/pages\/43857","targetHints":{"allow":["GET"]}}],"collection":[{"href":"https:\/\/www.afg.asso.fr\/fr\/wp-json\/wp\/v2\/pages"}],"about":[{"href":"https:\/\/www.afg.asso.fr\/fr\/wp-json\/wp\/v2\/types\/page"}],"author":[{"embeddable":true,"href":"https:\/\/www.afg.asso.fr\/fr\/wp-json\/wp\/v2\/users\/6"}],"replies":[{"embeddable":true,"href":"https:\/\/www.afg.asso.fr\/fr\/wp-json\/wp\/v2\/comments?post=43857"}],"version-history":[{"count":0,"href":"https:\/\/www.afg.asso.fr\/fr\/wp-json\/wp\/v2\/pages\/43857\/revisions"}],"wp:attachment":[{"href":"https:\/\/www.afg.asso.fr\/fr\/wp-json\/wp\/v2\/media?parent=43857"}],"curies":[{"name":"wp","href":"https:\/\/api.w.org\/{rel}","templated":true}]}}

Mentions légales

<p></p>



<h3 class="wp-block-heading" id="avertissement">Avertissement</h3>



<div style="height:50px" aria-hidden="true" class="wp-block-spacer"></div>



<p>1/ L’AFG apporte ses meilleurs soins pour assurer l’exactitude des informations et données disponibles sur son site web et permettre leur actualisation dans les meilleurs délais. Pour autant, l’AFG ne saurait être tenue pour responsable de toute erreur, omission, altération ou délais de mise à jour desdites informations et données. Les utilisateurs du site sont en conséquence invités à ne prendre aucune décision sur la base de ces informations et données avant de les avoir vérifiées. Tout utilisateur reconnaît utiliser les données et informations qui lui sont proposées à ses seuls risques et périls.</p>



<p>2/ Aucune information apparaissant sur le site ne saurait être considérée comme un conseil, une offre de services ou de produits, notamment de services financiers, émanant de l’AFG ou de l’une des quelconques personnes répertoriées sur le site, ni comme une offre ou la sollicitation d’une offre d’achat ou de vente de produits d’investissement..</p>



<p>3/ Toute reproduction, copie, duplication, transfert, création de liens hypertexte, sous quelque forme que ce soit concernant tout ou partie des informations figurant sur le site est soumis à l’accord préalable de l’AFG.</p>



<h3 class="wp-block-heading" id="responsable-de-la-publication">Responsable de la publication </h3>



<div style="height:50px" aria-hidden="true" class="wp-block-spacer"></div>



<p>Delphine de Chaisemartin, Directrice générale déléguée</p>



<h3 class="wp-block-heading" id="hebergement-et-realisation-du-site-internet">Hébergement et réalisation du site internet </h3>



<div style="height:50px" aria-hidden="true" class="wp-block-spacer"></div>



<p><a href="https://www.vigicorp.fr" data-type="link" data-id="https://www.vigicorp.fr">Vigicorp</a> &#8211; Siège social : 49 Quai Emile Cormerais &#8211; 44800 Saint-Herblain </p>



<h3 class="wp-block-heading" id="creation-graphique-et-realisations-videos">Création graphique et réalisations vidéos </h3>



<div style="height:50px" aria-hidden="true" class="wp-block-spacer"></div>



<p>Havas &#8211;  29-30 Quai de Dion Bouton &#8211; 92800 Puteaux <a href="https://www.havas.fr/ ">www.havas.fr/</a></p>



<p>Peech Studio (motion design) &#8211; 72 rue St Charles &#8211; 75015 Paris <a href="http://peechstudio.com" data-type="link" data-id="peechstudio.com">peechstudio.com</a></p>



<p>Altour production (vidéos Konbini) &#8211; 18 Rue De Varize &#8211; 75016 Paris <a href="http://altourproduction.com" data-type="link" data-id="altourproduction.com">altourproduction.com</a></p>



<h3 class="wp-block-heading" id="credit-photos">Crédit photos</h3>



<div style="height:50px" aria-hidden="true" class="wp-block-spacer"></div>



<p>Freepik <a href="https://www.freepik.com/">www.freepik.com/</a></p>



<h3 class="wp-block-heading" id="renseignements-a-caractere-general">Renseignements à caractère général</h3>



<div style="height:50px" aria-hidden="true" class="wp-block-spacer"></div>



<p>Dénomination : AFG</p>



<p>Adresse : 17 square Edouard VII 75009 PARIS</p>



<p>Téléphone : 01 44 94 94 00</p>



<p>Forme : Association</p>



<p>Législation : Française</p>



<div style="height:50px" aria-hidden="true" class="wp-block-spacer"></div>

<p>Avertissement 1/ L’AFG apporte ses meilleurs soins pour assurer l’exactitude des informations et données disponibles sur son site web et&hellip;</p>
