{"id":1268,"date":"2024-08-26T12:32:25","date_gmt":"2024-08-26T10:32:25","guid":{"rendered":"https:\/\/www.afg.asso.fr\/?page_id=1268"},"modified":"2025-07-11T16:35:10","modified_gmt":"2025-07-11T14:35:10","slug":"industrie-reglementee","status":"publish","type":"page","link":"https:\/\/www.afg.asso.fr\/fr\/industrie-reglementee\/","title":{"rendered":"Une industrie tr\u00e8s r\u00e9glement\u00e9e"},"content":{"rendered":"\n<div style=\"height:0px\" aria-hidden=\"true\" class=\"wp-block-spacer\"><\/div>\n\n\n\n<h2 class=\"wp-block-heading alignwide has-text-align-center\" style=\"padding-right:var(--wp--preset--spacing--70);padding-left:var(--wp--preset--spacing--70)\">La gestion d&rsquo;actifs est encadr\u00e9e par des r\u00e9glementations europ\u00e9ennes et fran\u00e7aises sous la supervision de l&rsquo;AMF<\/h2>\n\n\n\n<div style=\"height:50px\" aria-hidden=\"true\" class=\"wp-block-spacer\"><\/div>\n\n\n\n<h3 class=\"wp-block-heading alignwide has-text-align-center has-blue-color has-text-color has-link-color wp-elements-91a942fb44a4bc48859282037d297039\" style=\"margin-top:0;margin-right:var(--wp--preset--spacing--70);margin-bottom:0;margin-left:var(--wp--preset--spacing--70);padding-right:var(--wp--preset--spacing--70);padding-left:var(--wp--preset--spacing--70)\"><strong>La gestion d&rsquo;actifs fran\u00e7aise : une industrie tr\u00e8s r\u00e8glement\u00e9e<\/strong><br><\/h3>\n\n\n\n<div style=\"height:40px\" aria-hidden=\"true\" class=\"wp-block-spacer\"><\/div>\n\n\n\n<figure class=\"wp-block-embed is-type-video is-provider-vimeo wp-block-embed-vimeo wp-embed-aspect-16-9 wp-has-aspect-ratio\"><div class=\"wp-block-embed__wrapper\">\n<iframe loading=\"lazy\" title=\"La gestion d&#039;actifs : une industrie tr\u00e8s r\u00e9glement\u00e9e\" src=\"https:\/\/player.vimeo.com\/video\/1044716223?h=753e8daf60&amp;dnt=1&amp;app_id=122963\" width=\"500\" height=\"281\" frameborder=\"0\" allow=\"autoplay; fullscreen; picture-in-picture; clipboard-write; encrypted-media\"><\/iframe>\n<\/div><\/figure>\n","protected":false},"excerpt":{"rendered":"<p>La gestion d&rsquo;actifs est encadr\u00e9e par des r\u00e9glementations europ\u00e9ennes et fran\u00e7aises sous la supervision de l&rsquo;AMF La gestion d&rsquo;actifs fran\u00e7aise&hellip;<\/p>\n","protected":false},"author":10,"featured_media":0,"parent":0,"menu_order":0,"comment_status":"closed","ping_status":"closed","template":"","meta":{"_acf_changed":false,"_gspb_post_css":"","footnotes":""},"class_list":["post-1268","page","type-page","status-publish","hentry"],"acf":[],"_links":{"self":[{"href":"https:\/\/www.afg.asso.fr\/fr\/wp-json\/wp\/v2\/pages\/1268","targetHints":{"allow":["GET"]}}],"collection":[{"href":"https:\/\/www.afg.asso.fr\/fr\/wp-json\/wp\/v2\/pages"}],"about":[{"href":"https:\/\/www.afg.asso.fr\/fr\/wp-json\/wp\/v2\/types\/page"}],"author":[{"embeddable":true,"href":"https:\/\/www.afg.asso.fr\/fr\/wp-json\/wp\/v2\/users\/10"}],"replies":[{"embeddable":true,"href":"https:\/\/www.afg.asso.fr\/fr\/wp-json\/wp\/v2\/comments?post=1268"}],"version-history":[{"count":0,"href":"https:\/\/www.afg.asso.fr\/fr\/wp-json\/wp\/v2\/pages\/1268\/revisions"}],"wp:attachment":[{"href":"https:\/\/www.afg.asso.fr\/fr\/wp-json\/wp\/v2\/media?parent=1268"}],"curies":[{"name":"wp","href":"https:\/\/api.w.org\/{rel}","templated":true}]}}

Une industrie très réglementée

<div style="height:0px" aria-hidden="true" class="wp-block-spacer"></div>



<h2 class="wp-block-heading alignwide has-text-align-center" style="padding-right:var(--wp--preset--spacing--70);padding-left:var(--wp--preset--spacing--70)">La gestion d&rsquo;actifs est encadrée par des réglementations européennes et françaises sous la supervision de l&rsquo;AMF</h2>



<div style="height:50px" aria-hidden="true" class="wp-block-spacer"></div>



<h3 class="wp-block-heading alignwide has-text-align-center has-blue-color has-text-color has-link-color wp-elements-91a942fb44a4bc48859282037d297039" style="margin-top:0;margin-right:var(--wp--preset--spacing--70);margin-bottom:0;margin-left:var(--wp--preset--spacing--70);padding-right:var(--wp--preset--spacing--70);padding-left:var(--wp--preset--spacing--70)"><strong>La gestion d&rsquo;actifs française : une industrie très règlementée</strong><br></h3>



<div style="height:40px" aria-hidden="true" class="wp-block-spacer"></div>



<figure class="wp-block-embed is-type-video is-provider-vimeo wp-block-embed-vimeo wp-embed-aspect-16-9 wp-has-aspect-ratio"><div class="wp-block-embed__wrapper">
<iframe loading="lazy" title="La gestion d&#039;actifs : une industrie très réglementée" src="https://player.vimeo.com/video/1044716223?h=753e8daf60&amp;dnt=1&amp;app_id=122963" width="500" height="281" frameborder="0" allow="autoplay; fullscreen; picture-in-picture; clipboard-write; encrypted-media"></iframe>
</div></figure>

<p>La gestion d&rsquo;actifs est encadrée par des réglementations européennes et françaises sous la supervision de l&rsquo;AMF La gestion d&rsquo;actifs française&hellip;</p>
