{"id":123965,"date":"2026-03-09T16:36:49","date_gmt":"2026-03-09T15:36:49","guid":{"rendered":"https:\/\/www.afg.asso.fr\/?post_type=event&#038;p=123965"},"modified":"2026-03-25T17:09:42","modified_gmt":"2026-03-25T16:09:42","slug":"point-sur-outils-gestion-liquidite","status":"publish","type":"event","link":"https:\/\/www.afg.asso.fr\/fr\/event\/point-sur-outils-gestion-liquidite\/","title":{"rendered":"\u00ab\u00a0Point Sur\u00a0\u00bb le d\u00e9ploiement des outils de gestion de la liquidit\u00e9"},"content":{"rendered":"\n<p>Le cadre r\u00e8glementaire europ\u00e9en pr\u00e9voit, en 2026, le d\u00e9ploiement g\u00e9n\u00e9ralis\u00e9 des outils de gestion de liquidit\u00e9 pour l&rsquo;ensemble des fonds ouverts, OPCVM ou FIA. Ils devront \u00eatre \u00e9quip\u00e9s de deux outils, au minimum (un seul outil au minimum pour les fonds mon\u00e9taires). Dans ce contexte, <strong>l&rsquo;AFG a publi\u00e9 un <a href=\"https:\/\/www.afg.asso.fr\/fr\/publication\/outils-de-gestion-de-la-liquidite-faq_mars26\/\">guide, sous forme de questions r\u00e9ponses, <\/a>destin\u00e9 \u00e0 aider ses membres dans la mise en \u0153uvre de ce d\u00e9ploiement.<\/strong><br><strong>\u00a0<\/strong>L&rsquo;AFG a accompagn\u00e9 ses membres en organisant un <strong>webinaire exclusif, avec la participation de l&rsquo;AMF,\u00a0<\/strong>qui a permis de pr\u00e9senter ce <strong>document,\u00a0<\/strong>ainsi que les r\u00e9sultats d&rsquo;un sondage AFG sur les outils s\u00e9lectionn\u00e9s.<\/p>\n\n\n\n<h2 class=\"wp-block-heading\" id=\"replay\">Replay<\/h2>\n\n\n\n<p><\/p>\n\n\n\n<figure class=\"wp-block-embed is-type-video is-provider-youtube wp-block-embed-youtube wp-embed-aspect-16-9 wp-has-aspect-ratio\"><div class=\"wp-block-embed__wrapper\">\n<iframe loading=\"lazy\" title=\"\u00ab Point Sur \u00bb le d\u00e9ploiement des outils de gestion de la liquidit\u00e9 - 23 mars 2026\" width=\"500\" height=\"281\" src=\"https:\/\/www.youtube.com\/embed\/sR9s-4itUts?feature=oembed\" frameborder=\"0\" allow=\"accelerometer; autoplay; clipboard-write; encrypted-media; gyroscope; picture-in-picture; web-share\" referrerpolicy=\"strict-origin-when-cross-origin\" allowfullscreen><\/iframe>\n<\/div><\/figure>\n\n\n\n<p><strong>Intervenants : <\/strong><strong><\/strong><\/p>\n\n\n\n<ul class=\"wp-block-list\">\n<li><strong>St\u00e9phane AIDAN,<\/strong> Chef du p\u00f4le gestions et management du risque, AFG<\/li>\n\n\n\n<li><strong>Didier DELEAGE<\/strong>, Directeur Adjoint de la Direction de la Gestion d\u2019Actifs, AMF<\/li>\n\n\n\n<li><strong>Adina GURAU ADIBERT,<\/strong> Directrice g\u00e9n\u00e9rale adjointe, AFG<\/li>\n\n\n\n<li><strong>Marina JELESOVA,<\/strong> Directrice adjointe de la division supervision transversale de la direction de la gestion d\u2019actifs \u00e0 l\u2019AMF<\/li>\n\n\n\n<li><strong>Amira MOULDI, <\/strong>Charg\u00e9e de mission, supervision transversale, Direction de la gestion d\u2019actifs, AMF<\/li>\n<\/ul>\n\n\n\n<h2 class=\"wp-block-heading\" id=\"support-des-interventions\">Support des interventions<\/h2>\n\n\n\n<p><\/p>\n\n\n\n<div data-wp-interactive=\"core\/file\" class=\"wp-block-file\"><object data-wp-bind--hidden=\"!state.hasPdfPreview\" hidden class=\"wp-block-file__embed\" data=\"https:\/\/www.afg.asso.fr\/app\/uploads\/2026\/03\/260323_PS-LMT-SLIDES.pdf\" type=\"application\/pdf\" style=\"width:100%;height:600px\" aria-label=\"Contenu embarqu\u00e9 260323_PS LMT SLIDES.\"><\/object><a id=\"wp-block-file--media-35b43c0a-b45f-48fa-aa61-00c80017404c\" href=\"https:\/\/www.afg.asso.fr\/app\/uploads\/2026\/03\/260323_PS-LMT-SLIDES.pdf\">260323_PS LMT SLIDES<\/a><a href=\"https:\/\/www.afg.asso.fr\/app\/uploads\/2026\/03\/260323_PS-LMT-SLIDES.pdf\" class=\"wp-block-file__button wp-element-button\" download aria-describedby=\"wp-block-file--media-35b43c0a-b45f-48fa-aa61-00c80017404c\">T\u00e9l\u00e9charger<\/a><\/div>\n\n\n\n<p><\/p>\n","protected":false},"featured_media":9239,"template":"","thematics":[680,220],"top_contenu":[568,44],"class_list":["post-123965","event","type-event","status-publish","has-post-thumbnail","hentry","thematics-gestion-de-la-liquidite","thematics-swing_pricing","top_contenu-top-contenu-commission-club","top_contenu-top-contenu-espace-membre"],"acf":[],"_links":{"self":[{"href":"https:\/\/www.afg.asso.fr\/fr\/wp-json\/wp\/v2\/event\/123965","targetHints":{"allow":["GET"]}}],"collection":[{"href":"https:\/\/www.afg.asso.fr\/fr\/wp-json\/wp\/v2\/event"}],"about":[{"href":"https:\/\/www.afg.asso.fr\/fr\/wp-json\/wp\/v2\/types\/event"}],"version-history":[{"count":0,"href":"https:\/\/www.afg.asso.fr\/fr\/wp-json\/wp\/v2\/event\/123965\/revisions"}],"wp:featuredmedia":[{"embeddable":true,"href":"https:\/\/www.afg.asso.fr\/fr\/wp-json\/wp\/v2\/media\/9239"}],"wp:attachment":[{"href":"https:\/\/www.afg.asso.fr\/fr\/wp-json\/wp\/v2\/media?parent=123965"}],"wp:term":[{"taxonomy":"thematics","embeddable":true,"href":"https:\/\/www.afg.asso.fr\/fr\/wp-json\/wp\/v2\/thematics?post=123965"},{"taxonomy":"top_contenu","embeddable":true,"href":"https:\/\/www.afg.asso.fr\/fr\/wp-json\/wp\/v2\/top_contenu?post=123965"}],"curies":[{"name":"wp","href":"https:\/\/api.w.org\/{rel}","templated":true}]}}

« Point Sur » le déploiement des outils de gestion de la liquidité

<p>Le cadre règlementaire européen prévoit, en 2026, le déploiement généralisé des outils de gestion de liquidité pour l&rsquo;ensemble des fonds ouverts, OPCVM ou FIA. Ils devront être équipés de deux outils, au minimum (un seul outil au minimum pour les fonds monétaires). Dans ce contexte, <strong>l&rsquo;AFG a publié un <a href="https://www.afg.asso.fr/fr/publication/outils-de-gestion-de-la-liquidite-faq_mars26/">guide, sous forme de questions réponses, </a>destiné à aider ses membres dans la mise en œuvre de ce déploiement.</strong><br><strong> </strong>L&rsquo;AFG a accompagné ses membres en organisant un <strong>webinaire exclusif, avec la participation de l&rsquo;AMF, </strong>qui a permis de présenter ce <strong>document, </strong>ainsi que les résultats d&rsquo;un sondage AFG sur les outils sélectionnés.</p>



<h2 class="wp-block-heading" id="replay">Replay</h2>



<p></p>



<figure class="wp-block-embed is-type-video is-provider-youtube wp-block-embed-youtube wp-embed-aspect-16-9 wp-has-aspect-ratio"><div class="wp-block-embed__wrapper">
<iframe loading="lazy" title="« Point Sur » le déploiement des outils de gestion de la liquidité - 23 mars 2026" width="500" height="281" src="https://www.youtube.com/embed/sR9s-4itUts?feature=oembed" frameborder="0" allow="accelerometer; autoplay; clipboard-write; encrypted-media; gyroscope; picture-in-picture; web-share" referrerpolicy="strict-origin-when-cross-origin" allowfullscreen></iframe>
</div></figure>



<p><strong>Intervenants : </strong><strong></strong></p>



<ul class="wp-block-list">
<li><strong>Stéphane AIDAN,</strong> Chef du pôle gestions et management du risque, AFG</li>



<li><strong>Didier DELEAGE</strong>, Directeur Adjoint de la Direction de la Gestion d’Actifs, AMF</li>



<li><strong>Adina GURAU ADIBERT,</strong> Directrice générale adjointe, AFG</li>



<li><strong>Marina JELESOVA,</strong> Directrice adjointe de la division supervision transversale de la direction de la gestion d’actifs à l’AMF</li>



<li><strong>Amira MOULDI, </strong>Chargée de mission, supervision transversale, Direction de la gestion d’actifs, AMF</li>
</ul>



<h2 class="wp-block-heading" id="support-des-interventions">Support des interventions</h2>



<p></p>



<div data-wp-interactive="core/file" class="wp-block-file"><object data-wp-bind--hidden="!state.hasPdfPreview" hidden class="wp-block-file__embed" data="https://www.afg.asso.fr/app/uploads/2026/03/260323_PS-LMT-SLIDES.pdf" type="application/pdf" style="width:100%;height:600px" aria-label="Contenu embarqué 260323_PS LMT SLIDES."></object><a id="wp-block-file--media-35b43c0a-b45f-48fa-aa61-00c80017404c" href="https://www.afg.asso.fr/app/uploads/2026/03/260323_PS-LMT-SLIDES.pdf">260323_PS LMT SLIDES</a><a href="https://www.afg.asso.fr/app/uploads/2026/03/260323_PS-LMT-SLIDES.pdf" class="wp-block-file__button wp-element-button" download aria-describedby="wp-block-file--media-35b43c0a-b45f-48fa-aa61-00c80017404c">Télécharger</a></div>



<p></p>
