{"id":118339,"date":"2025-07-10T10:38:53","date_gmt":"2025-07-10T08:38:53","guid":{"rendered":"https:\/\/www.afg.asso.fr\/?post_type=event&#038;p=118339"},"modified":"2025-11-04T20:25:34","modified_gmt":"2025-11-04T19:25:34","slug":"am-tech-day-2025","status":"publish","type":"event","link":"https:\/\/www.afg.asso.fr\/fr\/event\/am-tech-day-2025\/","title":{"rendered":"AM tech Day 2025"},"content":{"rendered":"\n<p>L&rsquo;Agefi organise mardi 4 novembre la <a href=\"https:\/\/amtechday.evenements.agefi.fr\/fr\/index\" target=\"_blank\" rel=\"noreferrer noopener\">16e \u00e9dition de l\u2019AM TECH DAY <\/a>au Palais Brongniart, \u00e0 Paris.<br>Cet \u00e9v\u00e9nement r\u00e9uni plus de 1 000 professionnels de la finance et des tech (asset managers, assureurs, banquiers priv\u00e9s, fintechs et fournisseurs de solutions) pour \u00e9couter la centaine d\u2019experts intervenant dans des tables rondes et des ateliers, mais aussi des interviews sur le plateau TV.<\/p>\n\n\n\n<p><strong>L&rsquo;AFG est partenaire <\/strong>de cet \u00e9v\u00e9nement.<\/p>\n\n\n\n<p class=\"has-white-color has-blue-background-color has-text-color has-background has-link-color wp-elements-04f98ff76b17c8966befd7e3538d1508\"><strong>Mardi 4 novembre 2025<br>9h00-19h00<br>Paris, Palais Brongniart<br><a href=\"https:\/\/amtechday.evenements.agefi.fr\/fr\/index\" target=\"_blank\" rel=\"noreferrer noopener\">En savoir plus<\/a><\/strong><\/p>\n\n\n\n<p>A noter : Intervention d&rsquo;<strong>Antoine Vald\u00e8s, <\/strong>Pr\u00e9sident du Club des Entrepreneurs de l\u2019AFG, \u00e0 la table ronde<strong> <em>\u00ab Quel r\u00f4le peuvent jouer les asset servicers aupr\u00e8s des petites soci\u00e9t\u00e9s de gestion dans l\u2019adoption de nouveaux outils ? \u00bb<\/em><\/strong> , de 16h20 \u00e0 17h00.<\/p>\n\n\n\n<p><\/p>\n","protected":false},"featured_media":118340,"template":"","thematics":[185],"top_contenu":[568],"class_list":["post-118339","event","type-event","status-publish","has-post-thumbnail","hentry","thematics-innovations_technologiques","top_contenu-top-contenu-commission-club"],"acf":[],"_links":{"self":[{"href":"https:\/\/www.afg.asso.fr\/fr\/wp-json\/wp\/v2\/event\/118339","targetHints":{"allow":["GET"]}}],"collection":[{"href":"https:\/\/www.afg.asso.fr\/fr\/wp-json\/wp\/v2\/event"}],"about":[{"href":"https:\/\/www.afg.asso.fr\/fr\/wp-json\/wp\/v2\/types\/event"}],"version-history":[{"count":0,"href":"https:\/\/www.afg.asso.fr\/fr\/wp-json\/wp\/v2\/event\/118339\/revisions"}],"wp:featuredmedia":[{"embeddable":true,"href":"https:\/\/www.afg.asso.fr\/fr\/wp-json\/wp\/v2\/media\/118340"}],"wp:attachment":[{"href":"https:\/\/www.afg.asso.fr\/fr\/wp-json\/wp\/v2\/media?parent=118339"}],"wp:term":[{"taxonomy":"thematics","embeddable":true,"href":"https:\/\/www.afg.asso.fr\/fr\/wp-json\/wp\/v2\/thematics?post=118339"},{"taxonomy":"top_contenu","embeddable":true,"href":"https:\/\/www.afg.asso.fr\/fr\/wp-json\/wp\/v2\/top_contenu?post=118339"}],"curies":[{"name":"wp","href":"https:\/\/api.w.org\/{rel}","templated":true}]}}

<p>L&rsquo;Agefi organise mardi 4 novembre la <a href="https://amtechday.evenements.agefi.fr/fr/index" target="_blank" rel="noreferrer noopener">16e édition de l’AM TECH DAY </a>au Palais Brongniart, à Paris.<br>Cet événement réuni plus de 1 000 professionnels de la finance et des tech (asset managers, assureurs, banquiers privés, fintechs et fournisseurs de solutions) pour écouter la centaine d’experts intervenant dans des tables rondes et des ateliers, mais aussi des interviews sur le plateau TV.</p>



<p><strong>L&rsquo;AFG est partenaire </strong>de cet événement.</p>



<p class="has-white-color has-blue-background-color has-text-color has-background has-link-color wp-elements-04f98ff76b17c8966befd7e3538d1508"><strong>Mardi 4 novembre 2025<br>9h00-19h00<br>Paris, Palais Brongniart<br><a href="https://amtechday.evenements.agefi.fr/fr/index" target="_blank" rel="noreferrer noopener">En savoir plus</a></strong></p>



<p>A noter : Intervention d&rsquo;<strong>Antoine Valdès, </strong>Président du Club des Entrepreneurs de l’AFG, à la table ronde<strong> <em>« Quel rôle peuvent jouer les asset servicers auprès des petites sociétés de gestion dans l’adoption de nouveaux outils ? »</em></strong> , de 16h20 à 17h00.</p>



<p></p>
