{"id":118260,"date":"2025-07-04T11:38:20","date_gmt":"2025-07-04T09:38:20","guid":{"rendered":"https:\/\/www.afg.asso.fr\/?post_type=event&#038;p=118260"},"modified":"2025-09-24T20:25:36","modified_gmt":"2025-09-24T18:25:36","slug":"cross-border-fund_uk-managers-2025","status":"publish","type":"event","link":"https:\/\/www.afg.asso.fr\/fr\/event\/cross-border-fund_uk-managers-2025\/","title":{"rendered":"Cross-border fund distribution for UK managers 2025"},"content":{"rendered":"\n<p>Conf\u00e9rence consacr\u00e9e \u00e0 la distribution transfrontali\u00e8re de fonds pour les gestionnaires britanniques, organis\u00e9e par INFORMA.<\/p>\n\n\n\n<p class=\"has-white-color has-blue-background-color has-text-color has-background has-link-color wp-elements-f8a5ec94fe92f69be110f7ddcf9be491\"><strong>23 et 24 septembre 2025<br>Londres, Royal Horse Guard hotel<br><a href=\"https:\/\/informaconnect.com\/cross-border-fund-distribution\/\" target=\"_blank\" rel=\"noreferrer noopener\">En savoir plus <\/a><\/strong><\/p>\n\n\n\n<p>A noter : Intervention de <strong>Caroline Herrgott<\/strong>, Directrice R\u00e9glementation europ\u00e9enne et internationale de l&rsquo;AFG, \u00e0 la table ronde <em>\u00ab\u00a0Evolving EU regulatory requirements; How should managers be responding? Key European regulatory developments in progress, and those on the horizon<\/em>\u00a0\u00bb ( 23 Septembre 2025, 9h30-10h15)<\/p>\n","protected":false},"featured_media":118263,"template":"","thematics":[150],"top_contenu":[],"class_list":["post-118260","event","type-event","status-publish","has-post-thumbnail","hentry","thematics-commercialisation"],"acf":[],"_links":{"self":[{"href":"https:\/\/www.afg.asso.fr\/fr\/wp-json\/wp\/v2\/event\/118260","targetHints":{"allow":["GET"]}}],"collection":[{"href":"https:\/\/www.afg.asso.fr\/fr\/wp-json\/wp\/v2\/event"}],"about":[{"href":"https:\/\/www.afg.asso.fr\/fr\/wp-json\/wp\/v2\/types\/event"}],"version-history":[{"count":0,"href":"https:\/\/www.afg.asso.fr\/fr\/wp-json\/wp\/v2\/event\/118260\/revisions"}],"wp:featuredmedia":[{"embeddable":true,"href":"https:\/\/www.afg.asso.fr\/fr\/wp-json\/wp\/v2\/media\/118263"}],"wp:attachment":[{"href":"https:\/\/www.afg.asso.fr\/fr\/wp-json\/wp\/v2\/media?parent=118260"}],"wp:term":[{"taxonomy":"thematics","embeddable":true,"href":"https:\/\/www.afg.asso.fr\/fr\/wp-json\/wp\/v2\/thematics?post=118260"},{"taxonomy":"top_contenu","embeddable":true,"href":"https:\/\/www.afg.asso.fr\/fr\/wp-json\/wp\/v2\/top_contenu?post=118260"}],"curies":[{"name":"wp","href":"https:\/\/api.w.org\/{rel}","templated":true}]}}

<p>Conférence consacrée à la distribution transfrontalière de fonds pour les gestionnaires britanniques, organisée par INFORMA.</p>



<p class="has-white-color has-blue-background-color has-text-color has-background has-link-color wp-elements-f8a5ec94fe92f69be110f7ddcf9be491"><strong>23 et 24 septembre 2025<br>Londres, Royal Horse Guard hotel<br><a href="https://informaconnect.com/cross-border-fund-distribution/" target="_blank" rel="noreferrer noopener">En savoir plus </a></strong></p>



<p>A noter : Intervention de <strong>Caroline Herrgott</strong>, Directrice Réglementation européenne et internationale de l&rsquo;AFG, à la table ronde <em>« Evolving EU regulatory requirements; How should managers be responding? Key European regulatory developments in progress, and those on the horizon</em> » ( 23 Septembre 2025, 9h30-10h15)</p>
