{"id":117411,"date":"2025-06-10T18:00:36","date_gmt":"2025-06-10T16:00:36","guid":{"rendered":"https:\/\/www.afg.asso.fr\/?post_type=event&#038;p=117411"},"modified":"2025-09-10T20:25:32","modified_gmt":"2025-09-10T18:25:32","slug":"iifa-conference-2025","status":"publish","type":"event","link":"https:\/\/www.afg.asso.fr\/fr\/event\/iifa-conference-2025\/","title":{"rendered":"IIFA Conference 2025"},"content":{"rendered":"\n<p>La Federation of Investment Managers Malaysia (FIMM) invite chaleureusement les membres de l&rsquo;International Investment Funds Association (IIFA) \u00e0 se joindre \u00e0 elle \u00e0 Kuala Lumpur, en Malaisie, pour la<a href=\"https:\/\/iifa2025.com\/\" target=\"_blank\" rel=\"noreferrer noopener\"> conf\u00e9rence IIFA 2025<\/a> .<\/p>\n\n\n\n<p class=\"has-white-color has-blue-background-color has-text-color has-background has-link-color wp-elements-0528f7c8df4cbe49bc5fca4d4f7ee610\">8-10 septembre 2025<br>Kuala Lumpur, Grand Hyatt Hotel<br><a href=\"https:\/\/iifa2025.com\/\" target=\"_blank\" rel=\"noreferrer noopener\">En savoir plus <\/a><\/p>\n\n\n\n<p>A noter : <strong>Delphine de Chaisemartin<\/strong>, Directrice g\u00e9n\u00e9rale adjointe de l&rsquo;AFG, participera \u00e0 la Session 2 sur \u201c<strong>Digitalisation and AI Developments\u201d<\/strong> (9 sept. 2025, 11h15-12h30).<\/p>\n\n\n\n<p><\/p>\n","protected":false},"featured_media":117412,"template":"","thematics":[177],"top_contenu":[],"class_list":["post-117411","event","type-event","status-publish","has-post-thumbnail","hentry","thematics-promotion_internationale"],"acf":[],"_links":{"self":[{"href":"https:\/\/www.afg.asso.fr\/fr\/wp-json\/wp\/v2\/event\/117411","targetHints":{"allow":["GET"]}}],"collection":[{"href":"https:\/\/www.afg.asso.fr\/fr\/wp-json\/wp\/v2\/event"}],"about":[{"href":"https:\/\/www.afg.asso.fr\/fr\/wp-json\/wp\/v2\/types\/event"}],"version-history":[{"count":0,"href":"https:\/\/www.afg.asso.fr\/fr\/wp-json\/wp\/v2\/event\/117411\/revisions"}],"wp:featuredmedia":[{"embeddable":true,"href":"https:\/\/www.afg.asso.fr\/fr\/wp-json\/wp\/v2\/media\/117412"}],"wp:attachment":[{"href":"https:\/\/www.afg.asso.fr\/fr\/wp-json\/wp\/v2\/media?parent=117411"}],"wp:term":[{"taxonomy":"thematics","embeddable":true,"href":"https:\/\/www.afg.asso.fr\/fr\/wp-json\/wp\/v2\/thematics?post=117411"},{"taxonomy":"top_contenu","embeddable":true,"href":"https:\/\/www.afg.asso.fr\/fr\/wp-json\/wp\/v2\/top_contenu?post=117411"}],"curies":[{"name":"wp","href":"https:\/\/api.w.org\/{rel}","templated":true}]}}

<p>La Federation of Investment Managers Malaysia (FIMM) invite chaleureusement les membres de l&rsquo;International Investment Funds Association (IIFA) à se joindre à elle à Kuala Lumpur, en Malaisie, pour la<a href="https://iifa2025.com/" target="_blank" rel="noreferrer noopener"> conférence IIFA 2025</a> .</p>



<p class="has-white-color has-blue-background-color has-text-color has-background has-link-color wp-elements-0528f7c8df4cbe49bc5fca4d4f7ee610">8-10 septembre 2025<br>Kuala Lumpur, Grand Hyatt Hotel<br><a href="https://iifa2025.com/" target="_blank" rel="noreferrer noopener">En savoir plus </a></p>



<p>A noter : <strong>Delphine de Chaisemartin</strong>, Directrice générale adjointe de l&rsquo;AFG, participera à la Session 2 sur “<strong>Digitalisation and AI Developments”</strong> (9 sept. 2025, 11h15-12h30).</p>



<p></p>
