{"id":116208,"date":"2025-04-15T15:13:15","date_gmt":"2025-04-15T13:13:15","guid":{"rendered":"https:\/\/www.afg.asso.fr\/?post_type=event&#038;p=116208"},"modified":"2025-06-18T12:25:33","modified_gmt":"2025-06-18T10:25:33","slug":"point-sur-les-bonnes-pratiques-pour-une-utilisation-responsable-de-lia","status":"publish","type":"event","link":"https:\/\/www.afg.asso.fr\/fr\/event\/point-sur-les-bonnes-pratiques-pour-une-utilisation-responsable-de-lia\/","title":{"rendered":"\u00ab Point Sur \u00bb les bonnes pratiques pour une utilisation responsable de l\u2019IA"},"content":{"rendered":"\n<figure class=\"wp-block-embed is-type-video is-provider-youtube wp-block-embed-youtube wp-embed-aspect-4-3 wp-has-aspect-ratio\"><div class=\"wp-block-embed__wrapper\">\n<iframe loading=\"lazy\" title=\"\u00ab Point Sur \u00bb les bonnes pratiques pour une utilisation responsable de l\u2019IA - 4 juin 2025\" width=\"500\" height=\"281\" src=\"https:\/\/www.youtube.com\/embed\/MdZZb50cJXQ?feature=oembed\" frameborder=\"0\" allow=\"accelerometer; autoplay; clipboard-write; encrypted-media; gyroscope; picture-in-picture; web-share\" referrerpolicy=\"strict-origin-when-cross-origin\" allowfullscreen><\/iframe>\n<\/div><\/figure>\n\n\n\n<hr class=\"wp-block-separator alignwide has-alpha-channel-opacity\" \/>\n\n\n\n<hr class=\"wp-block-separator alignwide has-alpha-channel-opacity\" \/>\n\n\n\n<div data-wp-interactive=\"core\/file\" class=\"wp-block-file\"><object data-wp-bind--hidden=\"!state.hasPdfPreview\" hidden class=\"wp-block-file__embed\" data=\"https:\/\/www.afg.asso.fr\/app\/uploads\/2025\/04\/250604_PS-bonnes-pratiques_IA_slides.pdf\" type=\"application\/pdf\" style=\"width:100%;height:600px\" aria-label=\"Contenu embarqu\u00e9 250604_PS bonnes pratiques_IA_slides.\"><\/object><a id=\"wp-block-file--media-8854e57b-b31d-4aa0-969a-04337397cdf3\" href=\"https:\/\/www.afg.asso.fr\/app\/uploads\/2025\/04\/250604_PS-bonnes-pratiques_IA_slides.pdf\">250604_PS bonnes pratiques_IA_slides<\/a><a href=\"https:\/\/www.afg.asso.fr\/app\/uploads\/2025\/04\/250604_PS-bonnes-pratiques_IA_slides.pdf\" class=\"wp-block-file__button wp-element-button\" download aria-describedby=\"wp-block-file--media-8854e57b-b31d-4aa0-969a-04337397cdf3\">T\u00e9l\u00e9charger<\/a><\/div>\n\n\n\n<hr class=\"wp-block-separator alignwide has-alpha-channel-opacity\" \/>\n\n\n\n<hr class=\"wp-block-separator alignwide has-alpha-channel-opacity\" \/>\n\n\n\n<div data-wp-interactive=\"core\/file\" class=\"wp-block-file\"><object data-wp-bind--hidden=\"!state.hasPdfPreview\" hidden class=\"wp-block-file__embed\" data=\"https:\/\/www.afg.asso.fr\/app\/uploads\/2025\/04\/AFG-GP-IA-250121web.pdf\" type=\"application\/pdf\" style=\"width:100%;height:600px\" aria-label=\"Contenu embarqu\u00e9 AFG-GP-IA-250121web.\"><\/object><a id=\"wp-block-file--media-f299ca66-3813-4162-9cbb-889ce43456a7\" href=\"https:\/\/www.afg.asso.fr\/app\/uploads\/2025\/04\/AFG-GP-IA-250121web.pdf\">AFG-GP-IA-250121web<\/a><a href=\"https:\/\/www.afg.asso.fr\/app\/uploads\/2025\/04\/AFG-GP-IA-250121web.pdf\" class=\"wp-block-file__button wp-element-button\" download aria-describedby=\"wp-block-file--media-f299ca66-3813-4162-9cbb-889ce43456a7\">T\u00e9l\u00e9charger<\/a><\/div>\n\n\n\n<hr class=\"wp-block-separator alignwide has-alpha-channel-opacity\" \/>\n\n\n\n<hr class=\"wp-block-separator alignwide has-alpha-channel-opacity\" \/>\n\n\n\n<p><\/p>\n\n\n\n<p>Avec l\u2019essor de l\u2019IA g\u00e9n\u00e9rative, les SGP ont acc\u00e9l\u00e9r\u00e9 leur utilisation de mod\u00e8les d\u2019intelligence artificielle afin de gagner en efficience op\u00e9rationnelle. D\u00e9sormais se posent des questions essentielles quant \u00e0 la gestion des risques (biais, hallucinations\u2026) et \u00e0 la gouvernance des syst\u00e8mes d\u2019IA. \u00a0<br><strong>Pourquoi participer ? <\/strong>Les pr\u00e9sentations de ce webinaire pont port\u00e9es sur des solutions autour de :<br>&#8211; l\u2019explicabilit\u00e9 des algorithmes \u00a0<br>&#8211; l\u2019\u00a0\u00bbauditabilit\u00e9\u00a0\u00bb et la transparence des mod\u00e8les utilis\u00e9s<br>\u00a0&#8211; la responsabilit\u00e9 des fournisseurs de mod\u00e8les d\u2019IA<br>&#8211; la protection des donn\u00e9es sensibles des utilisateurs \u00a0<\/p>\n\n\n\n<p>DEROULE : <\/p>\n\n\n\n<p>Introduction par <strong>Muriel FAURE, <\/strong>Pr\u00e9sidente de la Commission Innovations technologiques de l\u2019AFG<\/p>\n\n\n\n<p><strong>Pr\u00e9sentation Outscale &#8211; Dassault Syst\u00e8mes <\/strong>par <strong>Benjamin LAPLANE<\/strong>,<strong> <\/strong>VP Technology, et <strong>Micha\u00ebl PRIEM<\/strong>,<strong> <\/strong>Head of REGTECH Solutions<\/p>\n\n\n\n<p><strong>Pr\u00e9sentation Xpdeep <\/strong>par <strong>Stanislas CHESNAIS<\/strong>, Pr\u00e9sident et co-fondateur<\/p>\n\n\n\n<p>T\u00e9moignages de bonnes pratiques et retours d\u2019exp\u00e9rience par <strong>David KALFON,<\/strong> Pr\u00e9sident, Sanso Longchamp AM, <strong>Matthieu KEIP<\/strong>,  Chief A.I. &amp; digital officer, Amundi et <strong>Olivier TAILLE<\/strong>, Vice-pr\u00e9sident de la Commission Innovations technologiques de l\u2019AFG<\/p>\n\n\n\n<p>Conclusion par <strong>Olivier TAILLE, <\/strong>Vice-pr\u00e9sident de la Commission Innovations technologiques de l\u2019AFG<\/p>\n\n\n\n<p><\/p>\n","protected":false},"featured_media":9239,"template":"","thematics":[185,261],"top_contenu":[568,44],"class_list":["post-116208","event","type-event","status-publish","has-post-thumbnail","hentry","thematics-innovations_technologiques","thematics-intelligence_artificielle","top_contenu-top-contenu-commission-club","top_contenu-top-contenu-espace-membre"],"acf":[],"_links":{"self":[{"href":"https:\/\/www.afg.asso.fr\/fr\/wp-json\/wp\/v2\/event\/116208","targetHints":{"allow":["GET"]}}],"collection":[{"href":"https:\/\/www.afg.asso.fr\/fr\/wp-json\/wp\/v2\/event"}],"about":[{"href":"https:\/\/www.afg.asso.fr\/fr\/wp-json\/wp\/v2\/types\/event"}],"version-history":[{"count":0,"href":"https:\/\/www.afg.asso.fr\/fr\/wp-json\/wp\/v2\/event\/116208\/revisions"}],"wp:featuredmedia":[{"embeddable":true,"href":"https:\/\/www.afg.asso.fr\/fr\/wp-json\/wp\/v2\/media\/9239"}],"wp:attachment":[{"href":"https:\/\/www.afg.asso.fr\/fr\/wp-json\/wp\/v2\/media?parent=116208"}],"wp:term":[{"taxonomy":"thematics","embeddable":true,"href":"https:\/\/www.afg.asso.fr\/fr\/wp-json\/wp\/v2\/thematics?post=116208"},{"taxonomy":"top_contenu","embeddable":true,"href":"https:\/\/www.afg.asso.fr\/fr\/wp-json\/wp\/v2\/top_contenu?post=116208"}],"curies":[{"name":"wp","href":"https:\/\/api.w.org\/{rel}","templated":true}]}}

<figure class="wp-block-embed is-type-video is-provider-youtube wp-block-embed-youtube wp-embed-aspect-4-3 wp-has-aspect-ratio"><div class="wp-block-embed__wrapper">
<iframe loading="lazy" title="« Point Sur » les bonnes pratiques pour une utilisation responsable de l’IA - 4 juin 2025" width="500" height="281" src="https://www.youtube.com/embed/MdZZb50cJXQ?feature=oembed" frameborder="0" allow="accelerometer; autoplay; clipboard-write; encrypted-media; gyroscope; picture-in-picture; web-share" referrerpolicy="strict-origin-when-cross-origin" allowfullscreen></iframe>
</div></figure>



<hr class="wp-block-separator alignwide has-alpha-channel-opacity" />



<hr class="wp-block-separator alignwide has-alpha-channel-opacity" />



<div data-wp-interactive="core/file" class="wp-block-file"><object data-wp-bind--hidden="!state.hasPdfPreview" hidden class="wp-block-file__embed" data="https://www.afg.asso.fr/app/uploads/2025/04/250604_PS-bonnes-pratiques_IA_slides.pdf" type="application/pdf" style="width:100%;height:600px" aria-label="Contenu embarqué 250604_PS bonnes pratiques_IA_slides."></object><a id="wp-block-file--media-8854e57b-b31d-4aa0-969a-04337397cdf3" href="https://www.afg.asso.fr/app/uploads/2025/04/250604_PS-bonnes-pratiques_IA_slides.pdf">250604_PS bonnes pratiques_IA_slides</a><a href="https://www.afg.asso.fr/app/uploads/2025/04/250604_PS-bonnes-pratiques_IA_slides.pdf" class="wp-block-file__button wp-element-button" download aria-describedby="wp-block-file--media-8854e57b-b31d-4aa0-969a-04337397cdf3">Télécharger</a></div>



<hr class="wp-block-separator alignwide has-alpha-channel-opacity" />



<hr class="wp-block-separator alignwide has-alpha-channel-opacity" />



<div data-wp-interactive="core/file" class="wp-block-file"><object data-wp-bind--hidden="!state.hasPdfPreview" hidden class="wp-block-file__embed" data="https://www.afg.asso.fr/app/uploads/2025/04/AFG-GP-IA-250121web.pdf" type="application/pdf" style="width:100%;height:600px" aria-label="Contenu embarqué AFG-GP-IA-250121web."></object><a id="wp-block-file--media-f299ca66-3813-4162-9cbb-889ce43456a7" href="https://www.afg.asso.fr/app/uploads/2025/04/AFG-GP-IA-250121web.pdf">AFG-GP-IA-250121web</a><a href="https://www.afg.asso.fr/app/uploads/2025/04/AFG-GP-IA-250121web.pdf" class="wp-block-file__button wp-element-button" download aria-describedby="wp-block-file--media-f299ca66-3813-4162-9cbb-889ce43456a7">Télécharger</a></div>



<hr class="wp-block-separator alignwide has-alpha-channel-opacity" />



<hr class="wp-block-separator alignwide has-alpha-channel-opacity" />



<p></p>



<p>Avec l’essor de l’IA générative, les SGP ont accéléré leur utilisation de modèles d’intelligence artificielle afin de gagner en efficience opérationnelle. Désormais se posent des questions essentielles quant à la gestion des risques (biais, hallucinations…) et à la gouvernance des systèmes d’IA.  <br><strong>Pourquoi participer ? </strong>Les présentations de ce webinaire pont portées sur des solutions autour de :<br>&#8211; l’explicabilité des algorithmes  <br>&#8211; l’ »auditabilité » et la transparence des modèles utilisés<br> &#8211; la responsabilité des fournisseurs de modèles d’IA<br>&#8211; la protection des données sensibles des utilisateurs  </p>



<p>DEROULE : </p>



<p>Introduction par <strong>Muriel FAURE, </strong>Présidente de la Commission Innovations technologiques de l’AFG</p>



<p><strong>Présentation Outscale &#8211; Dassault Systèmes </strong>par <strong>Benjamin LAPLANE</strong>,<strong> </strong>VP Technology, et <strong>Michaël PRIEM</strong>,<strong> </strong>Head of REGTECH Solutions</p>



<p><strong>Présentation Xpdeep </strong>par <strong>Stanislas CHESNAIS</strong>, Président et co-fondateur</p>



<p>Témoignages de bonnes pratiques et retours d’expérience par <strong>David KALFON,</strong> Président, Sanso Longchamp AM, <strong>Matthieu KEIP</strong>,  Chief A.I. &amp; digital officer, Amundi et <strong>Olivier TAILLE</strong>, Vice-président de la Commission Innovations technologiques de l’AFG</p>



<p>Conclusion par <strong>Olivier TAILLE, </strong>Vice-président de la Commission Innovations technologiques de l’AFG</p>



<p></p>
