{"id":116117,"date":"2025-04-11T15:30:23","date_gmt":"2025-04-11T13:30:23","guid":{"rendered":"https:\/\/www.afg.asso.fr\/?post_type=event&#038;p=116117"},"modified":"2025-06-18T12:25:33","modified_gmt":"2025-06-18T10:25:33","slug":"10e-rencontres-fondact","status":"publish","type":"event","link":"https:\/\/www.afg.asso.fr\/fr\/event\/10e-rencontres-fondact\/","title":{"rendered":"10e Rencontres Fondact"},"content":{"rendered":"\n<p><br>Les 10e<strong> Rencontres pour l&rsquo;\u00e9pargne salariale,<\/strong> organis\u00e9 par FONDACT, se tiendront le 17 juin 2025, sur le th\u00e8me \u00ab\u00a0<em><strong>Et si le partage de la valeur \u00e9tait la clef d&rsquo;une nouvelle dynamique d\u2019entreprise ?\u00a0\u00bb<\/strong><\/em><\/p>\n\n\n\n<p class=\"has-white-color has-blue-background-color has-text-color has-background has-link-color wp-elements-c8594ef66e24048335b586524ae54788\"><strong>Mardi 17 juin 2025<br>9h00-14h00<br>Paris, Pavillon Dauphine<br><a href=\"https:\/\/www.fondact.org\/\" target=\"_blank\" rel=\"noreferrer noopener\">Contact <\/a><\/strong><\/p>\n\n\n\n<p>A noter : <\/p>\n\n\n\n<p>Intervention de<strong> Laure Delahousse, <\/strong>directrice g\u00e9n\u00e9rale de l&rsquo;AFG au d\u00e9bat <em>\u00ab\u00a0R\u00e9forme des retraites : faut-il lever le tabou de la capitalisation ? Quels autres leviers ?\u00a0\u00bb <\/em>(11h20 \u2013 12h10).<\/p>\n\n\n\n<p>Mod\u00e9ration par <strong>Gregory Miroux, <\/strong>directeur Epargne salariale et Epargne retraite de l&rsquo;AFG de l&rsquo;atelier 2 \u00ab\u00a0: <em>\u00ab\u00a0\u00c9pargne salariale et investissements de long terme\u00a0\u00bb <\/em>(10h20- 11h15).<br><\/p>\n\n\n\n<p><\/p>\n","protected":false},"featured_media":116689,"template":"","thematics":[102],"top_contenu":[568,44],"class_list":["post-116117","event","type-event","status-publish","has-post-thumbnail","hentry","thematics-epargne_salariale","top_contenu-top-contenu-commission-club","top_contenu-top-contenu-espace-membre"],"acf":[],"_links":{"self":[{"href":"https:\/\/www.afg.asso.fr\/fr\/wp-json\/wp\/v2\/event\/116117","targetHints":{"allow":["GET"]}}],"collection":[{"href":"https:\/\/www.afg.asso.fr\/fr\/wp-json\/wp\/v2\/event"}],"about":[{"href":"https:\/\/www.afg.asso.fr\/fr\/wp-json\/wp\/v2\/types\/event"}],"version-history":[{"count":0,"href":"https:\/\/www.afg.asso.fr\/fr\/wp-json\/wp\/v2\/event\/116117\/revisions"}],"wp:featuredmedia":[{"embeddable":true,"href":"https:\/\/www.afg.asso.fr\/fr\/wp-json\/wp\/v2\/media\/116689"}],"wp:attachment":[{"href":"https:\/\/www.afg.asso.fr\/fr\/wp-json\/wp\/v2\/media?parent=116117"}],"wp:term":[{"taxonomy":"thematics","embeddable":true,"href":"https:\/\/www.afg.asso.fr\/fr\/wp-json\/wp\/v2\/thematics?post=116117"},{"taxonomy":"top_contenu","embeddable":true,"href":"https:\/\/www.afg.asso.fr\/fr\/wp-json\/wp\/v2\/top_contenu?post=116117"}],"curies":[{"name":"wp","href":"https:\/\/api.w.org\/{rel}","templated":true}]}}

<p><br>Les 10e<strong> Rencontres pour l&rsquo;épargne salariale,</strong> organisé par FONDACT, se tiendront le 17 juin 2025, sur le thème « <em><strong>Et si le partage de la valeur était la clef d&rsquo;une nouvelle dynamique d’entreprise ? »</strong></em></p>



<p class="has-white-color has-blue-background-color has-text-color has-background has-link-color wp-elements-c8594ef66e24048335b586524ae54788"><strong>Mardi 17 juin 2025<br>9h00-14h00<br>Paris, Pavillon Dauphine<br><a href="https://www.fondact.org/" target="_blank" rel="noreferrer noopener">Contact </a></strong></p>



<p>A noter : </p>



<p>Intervention de<strong> Laure Delahousse, </strong>directrice générale de l&rsquo;AFG au débat <em>« Réforme des retraites : faut-il lever le tabou de la capitalisation ? Quels autres leviers ? » </em>(11h20 – 12h10).</p>



<p>Modération par <strong>Gregory Miroux, </strong>directeur Epargne salariale et Epargne retraite de l&rsquo;AFG de l&rsquo;atelier 2 « : <em>« Épargne salariale et investissements de long terme » </em>(10h20- 11h15).<br></p>



<p></p>
