{"id":115491,"date":"2025-04-01T15:17:26","date_gmt":"2025-04-01T13:17:26","guid":{"rendered":"https:\/\/www.afg.asso.fr\/?post_type=event&#038;p=115491"},"modified":"2025-11-07T20:25:33","modified_gmt":"2025-11-07T19:25:33","slug":"investweeksparis-2025","status":"publish","type":"event","link":"https:\/\/www.afg.asso.fr\/fr\/event\/investweeksparis-2025\/","title":{"rendered":"InvestWeeksParis 2025"},"content":{"rendered":"\n<p><br><strong>L&rsquo;AF2I, l&rsquo;AFG, Paris Europlace et France Invest, accompagn\u00e9s de l&rsquo;Agefi, organisent l&rsquo;<a href=\"https:\/\/www.investweekparis.com\/FR\/\" target=\"_blank\" rel=\"noreferrer noopener\">InvestWeeksParis 2025<\/a> du 9 octobre au 7 novembre 2025.<\/strong><br>Plus que jamais, cette ann\u00e9e encore, les \u00e9v\u00e9nements phares de la gestion d&rsquo;actifs \u00e0 Paris se r\u00e9unissent sous un label commun pour :<\/p>\n\n\n\n<ul class=\"wp-block-list\">\n<li>Promouvoir la mise en r\u00e9seau de gestionnaires d&rsquo;actifs et des <em>asset owners <\/em>europ\u00e9ens.<\/li>\n\n\n\n<li>Rassembler l&rsquo;ensemble de l&rsquo;\u00e9cosyst\u00e8me des gestionnaires d&rsquo;actifs fran\u00e7ais et \u00e9largir le nombre de participants.<\/li>\n\n\n\n<li>R\u00e9unir les gestionnaires d&rsquo;actifs et les investisseurs institutionnels de toute l&rsquo;Europe autour d&rsquo;un programme d&rsquo;\u00e9v\u00e9nements de premier ordre.<\/li>\n\n\n\n<li>Favoriser la pr\u00e9sence d&rsquo;orateurs internationaux de premier plan en leur donnant plusieurs occasions de prendre la parole.<\/li>\n<\/ul>\n\n\n\n<p><\/p>\n","protected":false},"featured_media":115492,"template":"","thematics":[150],"top_contenu":[],"class_list":["post-115491","event","type-event","status-publish","has-post-thumbnail","hentry","thematics-commercialisation"],"acf":[],"_links":{"self":[{"href":"https:\/\/www.afg.asso.fr\/fr\/wp-json\/wp\/v2\/event\/115491","targetHints":{"allow":["GET"]}}],"collection":[{"href":"https:\/\/www.afg.asso.fr\/fr\/wp-json\/wp\/v2\/event"}],"about":[{"href":"https:\/\/www.afg.asso.fr\/fr\/wp-json\/wp\/v2\/types\/event"}],"version-history":[{"count":0,"href":"https:\/\/www.afg.asso.fr\/fr\/wp-json\/wp\/v2\/event\/115491\/revisions"}],"wp:featuredmedia":[{"embeddable":true,"href":"https:\/\/www.afg.asso.fr\/fr\/wp-json\/wp\/v2\/media\/115492"}],"wp:attachment":[{"href":"https:\/\/www.afg.asso.fr\/fr\/wp-json\/wp\/v2\/media?parent=115491"}],"wp:term":[{"taxonomy":"thematics","embeddable":true,"href":"https:\/\/www.afg.asso.fr\/fr\/wp-json\/wp\/v2\/thematics?post=115491"},{"taxonomy":"top_contenu","embeddable":true,"href":"https:\/\/www.afg.asso.fr\/fr\/wp-json\/wp\/v2\/top_contenu?post=115491"}],"curies":[{"name":"wp","href":"https:\/\/api.w.org\/{rel}","templated":true}]}}

<p><br><strong>L&rsquo;AF2I, l&rsquo;AFG, Paris Europlace et France Invest, accompagnés de l&rsquo;Agefi, organisent l&rsquo;<a href="https://www.investweekparis.com/FR/" target="_blank" rel="noreferrer noopener">InvestWeeksParis 2025</a> du 9 octobre au 7 novembre 2025.</strong><br>Plus que jamais, cette année encore, les événements phares de la gestion d&rsquo;actifs à Paris se réunissent sous un label commun pour :</p>



<ul class="wp-block-list">
<li>Promouvoir la mise en réseau de gestionnaires d&rsquo;actifs et des <em>asset owners </em>européens.</li>



<li>Rassembler l&rsquo;ensemble de l&rsquo;écosystème des gestionnaires d&rsquo;actifs français et élargir le nombre de participants.</li>



<li>Réunir les gestionnaires d&rsquo;actifs et les investisseurs institutionnels de toute l&rsquo;Europe autour d&rsquo;un programme d&rsquo;événements de premier ordre.</li>



<li>Favoriser la présence d&rsquo;orateurs internationaux de premier plan en leur donnant plusieurs occasions de prendre la parole.</li>
</ul>



<p></p>
