{"id":114195,"date":"2025-03-04T14:27:44","date_gmt":"2025-03-04T13:27:44","guid":{"rendered":"https:\/\/www.afg.asso.fr\/?post_type=event&#038;p=114195"},"modified":"2025-06-18T12:25:34","modified_gmt":"2025-06-18T10:25:34","slug":"solutionscse-paris","status":"publish","type":"event","link":"https:\/\/www.afg.asso.fr\/fr\/event\/solutionscse-paris\/","title":{"rendered":"SolutionsCSE Paris"},"content":{"rendered":"\n<p>Afin de favoriser les \u00e9changes entre pairs et de permettre les rencontres entre \u00e9lus de CSE et repr\u00e9sentants du personnel, SolutionsCSE organise une s\u00e9rie de salons intitul\u00e9s Solutions CSE. Le salon <a href=\"https:\/\/www.solutions-cse.org\/salons-cse\/salon-cse-paris\">SolutionsCSE Paris<\/a> a lieu \u00e0 la D\u00e9fense du 25 au 27 mars 2025.<\/p>\n\n\n\n<p>A noter : Intervention de <strong>Gregory Miroux,<\/strong> Directeur Epargne Salariale et Epargne Retraite de l&rsquo;AFG \u00e0 la session <strong><em>\u00ab\u00a0Loi de partage de la valeur et \u00e9pargne salariale : quel r\u00f4le pour les CSE ?\u00a0\u00bb<\/em><\/strong>, organis\u00e9e dans le cadre de la <strong><a href=\"https:\/\/www.epargnesalariale-france.fr\/\">Semaine de l\u2019\u00e9pargne salariale, <\/a><\/strong>qui se tient cette ann\u00e9e du 24 au 28 mars 2025 (25 mars 2025, 10h45 &#8211; 11h30, salle 1).<\/p>\n\n\n\n<p class=\"has-white-color has-blue-background-color has-text-color has-background has-link-color wp-elements-f12f16e1931aac982ce2bb09428e3db2\"><strong>Du mardi 25 au jeudi 27 mars 2025<br>Paris &#8211; La D\u00e9fense Arena, 99 Jardin de l&rsquo;Arche, 92000 Nanterre<br><a href=\"https:\/\/www.solutions-cse.org\/salons-cse\/salon-cse-paris\" target=\"_blank\" rel=\"noreferrer noopener\">Renseignements <\/a><\/strong><\/p>\n\n\n\n<p><\/p>\n","protected":false},"featured_media":114196,"template":"","thematics":[102],"top_contenu":[568],"class_list":["post-114195","event","type-event","status-publish","has-post-thumbnail","hentry","thematics-epargne_salariale","top_contenu-top-contenu-commission-club"],"acf":[],"_links":{"self":[{"href":"https:\/\/www.afg.asso.fr\/fr\/wp-json\/wp\/v2\/event\/114195","targetHints":{"allow":["GET"]}}],"collection":[{"href":"https:\/\/www.afg.asso.fr\/fr\/wp-json\/wp\/v2\/event"}],"about":[{"href":"https:\/\/www.afg.asso.fr\/fr\/wp-json\/wp\/v2\/types\/event"}],"version-history":[{"count":0,"href":"https:\/\/www.afg.asso.fr\/fr\/wp-json\/wp\/v2\/event\/114195\/revisions"}],"wp:featuredmedia":[{"embeddable":true,"href":"https:\/\/www.afg.asso.fr\/fr\/wp-json\/wp\/v2\/media\/114196"}],"wp:attachment":[{"href":"https:\/\/www.afg.asso.fr\/fr\/wp-json\/wp\/v2\/media?parent=114195"}],"wp:term":[{"taxonomy":"thematics","embeddable":true,"href":"https:\/\/www.afg.asso.fr\/fr\/wp-json\/wp\/v2\/thematics?post=114195"},{"taxonomy":"top_contenu","embeddable":true,"href":"https:\/\/www.afg.asso.fr\/fr\/wp-json\/wp\/v2\/top_contenu?post=114195"}],"curies":[{"name":"wp","href":"https:\/\/api.w.org\/{rel}","templated":true}]}}

<p>Afin de favoriser les échanges entre pairs et de permettre les rencontres entre élus de CSE et représentants du personnel, SolutionsCSE organise une série de salons intitulés Solutions CSE. Le salon <a href="https://www.solutions-cse.org/salons-cse/salon-cse-paris">SolutionsCSE Paris</a> a lieu à la Défense du 25 au 27 mars 2025.</p>



<p>A noter : Intervention de <strong>Gregory Miroux,</strong> Directeur Epargne Salariale et Epargne Retraite de l&rsquo;AFG à la session <strong><em>« Loi de partage de la valeur et épargne salariale : quel rôle pour les CSE ? »</em></strong>, organisée dans le cadre de la <strong><a href="https://www.epargnesalariale-france.fr/">Semaine de l’épargne salariale, </a></strong>qui se tient cette année du 24 au 28 mars 2025 (25 mars 2025, 10h45 &#8211; 11h30, salle 1).</p>



<p class="has-white-color has-blue-background-color has-text-color has-background has-link-color wp-elements-f12f16e1931aac982ce2bb09428e3db2"><strong>Du mardi 25 au jeudi 27 mars 2025<br>Paris &#8211; La Défense Arena, 99 Jardin de l&rsquo;Arche, 92000 Nanterre<br><a href="https://www.solutions-cse.org/salons-cse/salon-cse-paris" target="_blank" rel="noreferrer noopener">Renseignements </a></strong></p>



<p></p>
