{"id":108330,"date":"2019-03-20T10:37:36","date_gmt":"2024-11-21T18:41:04","guid":{"rendered":"https:\/\/www.afg.asso.fr\/event\/point-sur-la-directive-commercialisation-transfrontiere\/"},"modified":"2025-06-18T12:25:44","modified_gmt":"2025-06-18T10:25:44","slug":"point-sur-la-directive-commercialisation-transfrontiere","status":"publish","type":"event","link":"https:\/\/www.afg.asso.fr\/fr\/event\/point-sur-la-directive-commercialisation-transfrontiere\/","title":{"rendered":"\u00ab Point sur \u00bb la Directive Commercialisation Transfronti\u00e8re"},"content":{"rendered":"\n<ul class=\"wp-block-list\"><li>L&rsquo;AFG a organis\u00e9, le 10 avril 2019, un \u00ab\u00a0<strong>point Sur\u00a0\u00bb la Directive Commercialisation Transfronti\u00e8re.<\/strong><\/li><li>Au cours de cette r\u00e9union, <strong>Fr\u00e9d\u00e9ric Pel\u00e8se, <\/strong>de la Direction de la r\u00e9gulation et des affaires internationales de l&rsquo;AMF, a pr\u00e9sent\u00e9 les grands th\u00e8mes des futurs directive et r\u00e8glement facilitant la commercialisation transfrontali\u00e8re.<\/li><li>Ces textes, qui devront entrer en application d\u2019ici deux ans, apportent quelques assouplissements int\u00e9ressants en mati\u00e8re de commercialisation dans les autres pays de l\u2019Union europ\u00e9enne.<\/li><\/ul>\n\n\n<p>Consultez le<a href=\"https:\/\/www.afg.asso.fr\/fr\/publication\/\/point-sur-la-directive-commercialisation-transfrontiere-support-des-interventions-10-avril-2019\/\"> support des interventions<\/a>&nbsp;du \u00ab\u00a0point Sur\u00a0\u00bb la<strong> \u00ab\u00a0Directive Commercialisation Transfronti\u00e8re\u00a0\u00bb.<\/strong><br \/>\nRetrouvez la <a href=\"https:\/\/vimeo.com\/329349652\/f5f5665709\">vid\u00e9o de cette r\u00e9union<\/a> :&nbsp;<a href=\"https:\/\/vimeo.com\/329349652\/f5f5665709\"><img loading=\"lazy\" decoding=\"async\" class=\"\" src=\"https:\/\/www.afg.asso.fr\/app\/uploads\/2019\/03\/POINT-SUR-10-avril-2019.jpg\" width=\"676\" height=\"380\"><\/a><\/p>\n","protected":false},"featured_media":0,"template":"","thematics":[260],"top_contenu":[],"class_list":["post-108330","event","type-event","status-publish","hentry","thematics-cross_border"],"acf":[],"_links":{"self":[{"href":"https:\/\/www.afg.asso.fr\/fr\/wp-json\/wp\/v2\/event\/108330","targetHints":{"allow":["GET"]}}],"collection":[{"href":"https:\/\/www.afg.asso.fr\/fr\/wp-json\/wp\/v2\/event"}],"about":[{"href":"https:\/\/www.afg.asso.fr\/fr\/wp-json\/wp\/v2\/types\/event"}],"version-history":[{"count":0,"href":"https:\/\/www.afg.asso.fr\/fr\/wp-json\/wp\/v2\/event\/108330\/revisions"}],"wp:attachment":[{"href":"https:\/\/www.afg.asso.fr\/fr\/wp-json\/wp\/v2\/media?parent=108330"}],"wp:term":[{"taxonomy":"thematics","embeddable":true,"href":"https:\/\/www.afg.asso.fr\/fr\/wp-json\/wp\/v2\/thematics?post=108330"},{"taxonomy":"top_contenu","embeddable":true,"href":"https:\/\/www.afg.asso.fr\/fr\/wp-json\/wp\/v2\/top_contenu?post=108330"}],"curies":[{"name":"wp","href":"https:\/\/api.w.org\/{rel}","templated":true}]}}

« Point sur » la Directive Commercialisation Transfrontière

<ul class="wp-block-list"><li>L&rsquo;AFG a organisé, le 10 avril 2019, un « <strong>point Sur » la Directive Commercialisation Transfrontière.</strong></li><li>Au cours de cette réunion, <strong>Frédéric Pelèse, </strong>de la Direction de la régulation et des affaires internationales de l&rsquo;AMF, a présenté les grands thèmes des futurs directive et règlement facilitant la commercialisation transfrontalière.</li><li>Ces textes, qui devront entrer en application d’ici deux ans, apportent quelques assouplissements intéressants en matière de commercialisation dans les autres pays de l’Union européenne.</li></ul>


<p>Consultez le<a href="https://www.afg.asso.fr/fr/publication//point-sur-la-directive-commercialisation-transfrontiere-support-des-interventions-10-avril-2019/"> support des interventions</a>&nbsp;du « point Sur » la<strong> « Directive Commercialisation Transfrontière ».</strong><br />
Retrouvez la <a href="https://vimeo.com/329349652/f5f5665709">vidéo de cette réunion</a> :&nbsp;<a href="https://vimeo.com/329349652/f5f5665709"><img loading="lazy" decoding="async" class="" src="https://www.afg.asso.fr/app/uploads/2019/03/POINT-SUR-10-avril-2019.jpg" width="676" height="380"></a></p>
