{"id":108096,"date":"2020-11-27T14:53:00","date_gmt":"2024-11-21T18:40:40","guid":{"rendered":"https:\/\/www.afg.asso.fr\/event\/point-sur-le-guide-charbon\/"},"modified":"2025-06-18T12:25:42","modified_gmt":"2025-06-18T10:25:42","slug":"point-sur-le-guide-charbon","status":"publish","type":"event","link":"https:\/\/www.afg.asso.fr\/fr\/event\/point-sur-le-guide-charbon\/","title":{"rendered":"\u00ab Point sur \u00bb le Guide Charbon"},"content":{"rendered":"\n<p><\/p>\n\n\n\n<p>Voir aussi :<\/p>\n\n\n\n<figure class=\"wp-block-table\"><table><tbody><tr><td>&nbsp;<\/td><td><a href=\"https:\/\/www.afg.asso.fr\/app\/uploads\/2020\/03\/2020-03-afg-guide-charbon-web.pdf\"><strong>Guide Charbon &#8211; Mars 2020<\/strong><\/a><\/td><td><a href=\"https:\/\/www.amf-france.org\/sites\/default\/files\/private\/2020-11\/charbon_rapport_amf-acpr_vf.pdf\"><strong>Politiques \u00ab\u00a0Charbon\u00a0\u00bb des acteurs de la Place de Paris &#8211; Rapport AMF\/ACPR<\/strong><\/a><\/td><\/tr><tr><td>&nbsp;<\/td><td><a href=\"https:\/\/www.afg.asso.fr\/app\/uploads\/2020\/03\/2020-03-afg-guide-charbon-web.pdf\"><img loading=\"lazy\" decoding=\"async\" class=\"aligncenter wp-image-48652\" src=\"https:\/\/www.afg.asso.fr\/app\/uploads\/2020\/11\/microsoftteams-image-1-300x213.png\" alt=\"\" width=\"185\" height=\"131\"><\/a><\/td><td><a href=\"https:\/\/www.amf-france.org\/sites\/default\/files\/private\/2020-11\/charbon_rapport_amf-acpr_vf.pdf\"><img loading=\"lazy\" decoding=\"async\" class=\"alignnone wp-image-48651 size-medium\" src=\"https:\/\/www.afg.asso.fr\/app\/uploads\/2020\/11\/rapport-amf-acpr-300x158.jpg\" alt=\"\" width=\"300\" height=\"158\"><\/a><\/td><\/tr><\/tbody><\/table><\/figure>\n\n\n\n<p>A l\u2019\u00e9t\u00e9 2019, la Place de Paris s\u2019est mobilis\u00e9e pour franchir une nouvelle \u00e9tape dans la lutte contre le changement climatique et tendre vers l\u2019objectif de neutralit\u00e9 carbone \u00e0 l\u2019horizon 2050. &nbsp;&nbsp;<br data-highlightable=\"1\">\u2022L\u2019AFG s\u2019est engag\u00e9e dans cette d\u00e9marche, aux c\u00f4t\u00e9s des autres associations professionnelles, et encourage les soci\u00e9t\u00e9s de gestion de portefeuille \u00e0 adopter une strat\u00e9gie charbon.<br data-highlightable=\"1\">\u2022 Elle a&nbsp;<a href=\"https:\/\/www.afg.asso.fr\/app\/uploads\/2020\/03\/2020-03-afg-guide-charbon-web.pdf\"><strong>publi\u00e9 en mars 2020 un guide&nbsp;<\/strong><\/a>afin d\u2019accompagner ses membres sur cette voie, en recensant les bonnes pratiques permettant aux soci\u00e9t\u00e9s de gestion de se d\u00e9sengager du charbon.<br>\u2022&nbsp;Par ailleurs, l\u2019AFG participe activement \u00e0 l\u2019<a href=\"https:\/\/www.afg.asso.fr\/app\/uploads\/2020\/10\/201029-cp-f4t-observatoire-fr.pdf\"><strong>Observatoire de la finance durable<\/strong><\/a>, lanc\u00e9 en octobre 2020.<br data-highlightable=\"1\">\u2022 POINT SUR du 27 novembre 2020 sur le guide Charbon \u00ab\u00a0Acc\u00e9l\u00e9rer la sortie du charbon des soci\u00e9t\u00e9s de gestion &#8211; strat\u00e9gie et recommandations\u00a0\u00bb :&nbsp; P\u00e9rim\u00e8tre d\u2019application, type de gestion, classes d\u2019actifs, indicateurs suivis, types d\u2019engagement : ce guide s\u2019adresse \u00e0 toutes les soci\u00e9t\u00e9s de gestion.<\/p>\n","protected":false},"featured_media":0,"template":"","thematics":[107],"top_contenu":[],"class_list":["post-108096","event","type-event","status-publish","hentry","thematics-analyse_thematique"],"acf":[],"_links":{"self":[{"href":"https:\/\/www.afg.asso.fr\/fr\/wp-json\/wp\/v2\/event\/108096","targetHints":{"allow":["GET"]}}],"collection":[{"href":"https:\/\/www.afg.asso.fr\/fr\/wp-json\/wp\/v2\/event"}],"about":[{"href":"https:\/\/www.afg.asso.fr\/fr\/wp-json\/wp\/v2\/types\/event"}],"version-history":[{"count":0,"href":"https:\/\/www.afg.asso.fr\/fr\/wp-json\/wp\/v2\/event\/108096\/revisions"}],"wp:attachment":[{"href":"https:\/\/www.afg.asso.fr\/fr\/wp-json\/wp\/v2\/media?parent=108096"}],"wp:term":[{"taxonomy":"thematics","embeddable":true,"href":"https:\/\/www.afg.asso.fr\/fr\/wp-json\/wp\/v2\/thematics?post=108096"},{"taxonomy":"top_contenu","embeddable":true,"href":"https:\/\/www.afg.asso.fr\/fr\/wp-json\/wp\/v2\/top_contenu?post=108096"}],"curies":[{"name":"wp","href":"https:\/\/api.w.org\/{rel}","templated":true}]}}

<p></p>



<p>Voir aussi :</p>



<figure class="wp-block-table"><table><tbody><tr><td>&nbsp;</td><td><a href="https://www.afg.asso.fr/app/uploads/2020/03/2020-03-afg-guide-charbon-web.pdf"><strong>Guide Charbon &#8211; Mars 2020</strong></a></td><td><a href="https://www.amf-france.org/sites/default/files/private/2020-11/charbon_rapport_amf-acpr_vf.pdf"><strong>Politiques « Charbon » des acteurs de la Place de Paris &#8211; Rapport AMF/ACPR</strong></a></td></tr><tr><td>&nbsp;</td><td><a href="https://www.afg.asso.fr/app/uploads/2020/03/2020-03-afg-guide-charbon-web.pdf"><img loading="lazy" decoding="async" class="aligncenter wp-image-48652" src="https://www.afg.asso.fr/app/uploads/2020/11/microsoftteams-image-1-300x213.png" alt="" width="185" height="131"></a></td><td><a href="https://www.amf-france.org/sites/default/files/private/2020-11/charbon_rapport_amf-acpr_vf.pdf"><img loading="lazy" decoding="async" class="alignnone wp-image-48651 size-medium" src="https://www.afg.asso.fr/app/uploads/2020/11/rapport-amf-acpr-300x158.jpg" alt="" width="300" height="158"></a></td></tr></tbody></table></figure>



<p>A l’été 2019, la Place de Paris s’est mobilisée pour franchir une nouvelle étape dans la lutte contre le changement climatique et tendre vers l’objectif de neutralité carbone à l’horizon 2050. &nbsp;&nbsp;<br data-highlightable="1">•L’AFG s’est engagée dans cette démarche, aux côtés des autres associations professionnelles, et encourage les sociétés de gestion de portefeuille à adopter une stratégie charbon.<br data-highlightable="1">• Elle a&nbsp;<a href="https://www.afg.asso.fr/app/uploads/2020/03/2020-03-afg-guide-charbon-web.pdf"><strong>publié en mars 2020 un guide&nbsp;</strong></a>afin d’accompagner ses membres sur cette voie, en recensant les bonnes pratiques permettant aux sociétés de gestion de se désengager du charbon.<br>•&nbsp;Par ailleurs, l’AFG participe activement à l’<a href="https://www.afg.asso.fr/app/uploads/2020/10/201029-cp-f4t-observatoire-fr.pdf"><strong>Observatoire de la finance durable</strong></a>, lancé en octobre 2020.<br data-highlightable="1">• POINT SUR du 27 novembre 2020 sur le guide Charbon « Accélérer la sortie du charbon des sociétés de gestion &#8211; stratégie et recommandations » :&nbsp; Périmètre d’application, type de gestion, classes d’actifs, indicateurs suivis, types d’engagement : ce guide s’adresse à toutes les sociétés de gestion.</p>
