{"id":108077,"date":"2018-03-15T08:47:05","date_gmt":"2024-11-21T18:40:33","guid":{"rendered":"https:\/\/www.afg.asso.fr\/event\/interview-daudrey-hyvernat-par-le-courrier-financier-isr-quels-blocages\/"},"modified":"2025-06-25T08:25:36","modified_gmt":"2025-06-25T06:25:36","slug":"interview-daudrey-hyvernat-par-le-courrier-financier-isr-quels-blocages","status":"publish","type":"event","link":"https:\/\/www.afg.asso.fr\/fr\/event\/interview-daudrey-hyvernat-par-le-courrier-financier-isr-quels-blocages\/","title":{"rendered":"Interview d&rsquo;Audrey Hyvernat par le Courrier Financier \u00ab\u00a0ISR, quels blocages?\u00a0\u00bb"},"content":{"rendered":"<p><a href=\"https:\/\/youtu.be\/w4btoeb23P8\"><img loading=\"lazy\" decoding=\"async\" class=\"alignnone size-medium wp-image-28072\" src=\"https:\/\/www.afg.asso.fr\/app\/uploads\/2018\/03\/CourrierFinancier_Hyvernat_ISR_2018_03_15-3-300x170.jpg\" alt=\"\" width=\"300\" height=\"170\" \/><\/a><\/p>\n<p><a href=\"https:\/\/youtu.be\/w4btoeb23P8\">Interview d&rsquo;Audrey Hyvernat<\/a>\u00a0par le Courrier Financier, lors de la Convention Anacofi.<br \/>\n\u00ab\u00a0Principalement orient\u00e9 vers les investisseurs institutionnels, l&rsquo;ISR est encore peu adopt\u00e9 par le grand public. Probl\u00e9matique de rendement, abondance de l&rsquo;offre ou duration des produits, o\u00f9 se situent les blocages ? \u00a0\u00bb<br \/>\nAvec l\u2019autorisation du Courrier Financier.<\/p>\n","protected":false},"featured_media":99390,"template":"","thematics":[41],"top_contenu":[],"class_list":["post-108077","event","type-event","status-publish","has-post-thumbnail","hentry","thematics-finance-durable"],"acf":[],"_links":{"self":[{"href":"https:\/\/www.afg.asso.fr\/fr\/wp-json\/wp\/v2\/event\/108077","targetHints":{"allow":["GET"]}}],"collection":[{"href":"https:\/\/www.afg.asso.fr\/fr\/wp-json\/wp\/v2\/event"}],"about":[{"href":"https:\/\/www.afg.asso.fr\/fr\/wp-json\/wp\/v2\/types\/event"}],"version-history":[{"count":0,"href":"https:\/\/www.afg.asso.fr\/fr\/wp-json\/wp\/v2\/event\/108077\/revisions"}],"wp:featuredmedia":[{"embeddable":true,"href":"https:\/\/www.afg.asso.fr\/fr\/wp-json\/wp\/v2\/media\/99390"}],"wp:attachment":[{"href":"https:\/\/www.afg.asso.fr\/fr\/wp-json\/wp\/v2\/media?parent=108077"}],"wp:term":[{"taxonomy":"thematics","embeddable":true,"href":"https:\/\/www.afg.asso.fr\/fr\/wp-json\/wp\/v2\/thematics?post=108077"},{"taxonomy":"top_contenu","embeddable":true,"href":"https:\/\/www.afg.asso.fr\/fr\/wp-json\/wp\/v2\/top_contenu?post=108077"}],"curies":[{"name":"wp","href":"https:\/\/api.w.org\/{rel}","templated":true}]}}

<p><a href="https://youtu.be/w4btoeb23P8"><img loading="lazy" decoding="async" class="alignnone size-medium wp-image-28072" src="https://www.afg.asso.fr/app/uploads/2018/03/CourrierFinancier_Hyvernat_ISR_2018_03_15-3-300x170.jpg" alt="" width="300" height="170" /></a></p>
<p><a href="https://youtu.be/w4btoeb23P8">Interview d&rsquo;Audrey Hyvernat</a> par le Courrier Financier, lors de la Convention Anacofi.<br />
« Principalement orienté vers les investisseurs institutionnels, l&rsquo;ISR est encore peu adopté par le grand public. Problématique de rendement, abondance de l&rsquo;offre ou duration des produits, où se situent les blocages ?  »<br />
Avec l’autorisation du Courrier Financier.</p>
