{"id":108071,"date":"2017-09-07T13:39:21","date_gmt":"2024-11-21T18:40:31","guid":{"rendered":"https:\/\/www.afg.asso.fr\/event\/interview-deric-pinon-president-de-lafg-par-club-patrimoine\/"},"modified":"2025-06-25T08:25:36","modified_gmt":"2025-06-25T06:25:36","slug":"interview-deric-pinon-president-de-lafg-par-club-patrimoine","status":"publish","type":"event","link":"https:\/\/www.afg.asso.fr\/fr\/event\/interview-deric-pinon-president-de-lafg-par-club-patrimoine\/","title":{"rendered":"Interview d&rsquo;Eric Pinon, Pr\u00e9sident de l&rsquo;AFG, par Club Patrimoine"},"content":{"rendered":"<p><a href=\"https:\/\/youtu.be\/odx-egr2ILY\"><img loading=\"lazy\" decoding=\"async\" class=\"alignnone size-medium wp-image-24061 aligncenter\" src=\"https:\/\/www.afg.asso.fr\/app\/uploads\/2017\/09\/2017_08_31_UEAM_Interview-Eric-Pinon-300x162.jpg\" alt=\"\" width=\"300\" height=\"162\" \/><\/a><\/p>\n<p><a href=\"https:\/\/youtu.be\/odx-egr2ILY\">Interview r\u00e9alis\u00e9e par Anthony Descalis<\/a> lors de l&rsquo;<strong>Universit\u00e9 d&rsquo;\u00e9t\u00e9 de l&rsquo;Asset Management 2017<\/strong><br \/>\nAvec l&rsquo;autorisation du Club Patrimoine<\/p>\n","protected":false},"featured_media":99378,"template":"","thematics":[],"top_contenu":[],"class_list":["post-108071","event","type-event","status-publish","has-post-thumbnail","hentry"],"acf":[],"_links":{"self":[{"href":"https:\/\/www.afg.asso.fr\/fr\/wp-json\/wp\/v2\/event\/108071","targetHints":{"allow":["GET"]}}],"collection":[{"href":"https:\/\/www.afg.asso.fr\/fr\/wp-json\/wp\/v2\/event"}],"about":[{"href":"https:\/\/www.afg.asso.fr\/fr\/wp-json\/wp\/v2\/types\/event"}],"version-history":[{"count":0,"href":"https:\/\/www.afg.asso.fr\/fr\/wp-json\/wp\/v2\/event\/108071\/revisions"}],"wp:featuredmedia":[{"embeddable":true,"href":"https:\/\/www.afg.asso.fr\/fr\/wp-json\/wp\/v2\/media\/99378"}],"wp:attachment":[{"href":"https:\/\/www.afg.asso.fr\/fr\/wp-json\/wp\/v2\/media?parent=108071"}],"wp:term":[{"taxonomy":"thematics","embeddable":true,"href":"https:\/\/www.afg.asso.fr\/fr\/wp-json\/wp\/v2\/thematics?post=108071"},{"taxonomy":"top_contenu","embeddable":true,"href":"https:\/\/www.afg.asso.fr\/fr\/wp-json\/wp\/v2\/top_contenu?post=108071"}],"curies":[{"name":"wp","href":"https:\/\/api.w.org\/{rel}","templated":true}]}}

Interview d&rsquo;Eric Pinon, Président de l&rsquo;AFG, par Club Patrimoine

<p><a href="https://youtu.be/odx-egr2ILY"><img loading="lazy" decoding="async" class="alignnone size-medium wp-image-24061 aligncenter" src="https://www.afg.asso.fr/app/uploads/2017/09/2017_08_31_UEAM_Interview-Eric-Pinon-300x162.jpg" alt="" width="300" height="162" /></a></p>
<p><a href="https://youtu.be/odx-egr2ILY">Interview réalisée par Anthony Descalis</a> lors de l&rsquo;<strong>Université d&rsquo;été de l&rsquo;Asset Management 2017</strong><br />
Avec l&rsquo;autorisation du Club Patrimoine</p>
